INSERT INTO `pallet_truck_service_parts` (`id`, `deleted_at`, `pallet_truck_service_id`, `part_id`, `quantity`, `unit_price`, `created_at`, `updated_at`, `pallet_truck_id`) VALUES
(58485, NULL, 13686, 7, 2, 1.89, '2026-06-16 14:07:29', '2026-06-16 14:07:29', 4018),
(58486, NULL, 13686, 14, 6, 0.72, '2026-06-16 14:07:29', '2026-06-16 14:07:29', 4018),
(58487, NULL, 13687, 2, 1, 4.80, '2026-06-16 14:13:02', '2026-06-16 14:13:02', 4013),
(58488, NULL, 13687, 39, 1, 14.98, '2026-06-16 14:13:02', '2026-06-16 14:13:02', 4013),
(58489, NULL, 13687, 3, 4, 2.88, '2026-06-16 14:13:02', '2026-06-16 14:13:02', 4013),
(58490, NULL, 13687, 7, 2, 1.89, '2026-06-16 14:13:02', '2026-06-16 14:13:02', 4013),
(58491, NULL, 13687, 14, 6, 0.72, '2026-06-16 14:13:02', '2026-06-16 14:13:02', 4013),
(58492, NULL, 13688, 2, 1, 4.80, '2026-06-16 14:16:47', '2026-06-16 14:16:47', 4019),
(58493, NULL, 13688, 39, 1, 14.98, '2026-06-16 14:16:47', '2026-06-16 14:16:47', 4019),
(58494, NULL, 13688, 3, 4, 2.88, '2026-06-16 14:16:47', '2026-06-16 14:16:47', 4019),
(58495, NULL, 13688, 7, 2, 1.89, '2026-06-16 14:16:47', '2026-06-16 14:16:47', 4019),
(58496, NULL, 13688, 14, 6, 0.72, '2026-06-16 14:16:47', '2026-06-16 14:16:47', 4019),
(58497, NULL, 13691, 2, 1, 4.80, '2026-06-17 06:37:17', '2026-06-17 06:37:17', 3970),
(58498, NULL, 13691, 39, 1, 14.98, '2026-06-17 06:37:17', '2026-06-17 06:37:17', 3970),
(58499, NULL, 13691, 3, 4, 2.88, '2026-06-17 06:37:17', '2026-06-17 06:37:17', 3970),
(58500, NULL, 13691, 7, 2, 1.89, '2026-06-17 06:37:17', '2026-06-17 06:37:17', 3970),
(58501, NULL, 13691, 14, 6, 0.72, '2026-06-17 06:37:17', '2026-06-17 06:37:17', 3970),
(58502, NULL, 13692, 2, 1, 4.80, '2026-06-17 06:41:11', '2026-06-17 06:41:11', 3967),
(58503, NULL, 13692, 39, 1, 14.98, '2026-06-17 06:41:11', '2026-06-17 06:41:11', 3967),
(58504, NULL, 13692, 3, 4, 2.88, '2026-06-17 06:41:11', '2026-06-17 06:41:11', 3967),
(58505, NULL, 13692, 7, 2, 1.89, '2026-06-17 06:41:11', '2026-06-17 06:41:11', 3967),
(58506, NULL, 13692, 14, 6, 0.72, '2026-06-17 06:41:11', '2026-06-17 06:41:11', 3967),
(58507, NULL, 13693, 2, 1, 4.80, '2026-06-17 06:48:31', '2026-06-17 06:48:31', 3966),
(58508, NULL, 13693, 39, 1, 14.98, '2026-06-17 06:48:31', '2026-06-17 06:48:31', 3966),
(58509, NULL, 13693, 3, 4, 2.88, '2026-06-17 06:48:31', '2026-06-17 06:48:31', 3966),
(58510, NULL, 13693, 7, 2, 1.89, '2026-06-17 06:48:31', '2026-06-17 06:48:31', 3966),
(58511, NULL, 13693, 14, 8, 0.72, '2026-06-17 06:48:31', '2026-06-17 06:48:31', 3966),
(58512, NULL, 13694, 2, 1, 4.80, '2026-06-17 06:55:10', '2026-06-17 06:55:10', 6804),
(58513, NULL, 13694, 39, 1, 14.98, '2026-06-17 06:55:10', '2026-06-17 06:55:10', 6804),
(58514, NULL, 13694, 3, 4, 2.88, '2026-06-17 06:55:10', '2026-06-17 06:55:10', 6804),
(58515, NULL, 13694, 7, 2, 1.89, '2026-06-17 06:55:10', '2026-06-17 06:55:10', 6804),
(58516, NULL, 13694, 14, 4, 0.72, '2026-06-17 06:55:10', '2026-06-17 06:55:10', 6804),
(58517, NULL, 13694, 56, 1, 8.48, '2026-06-17 06:55:10', '2026-06-17 06:55:10', 6804),
(58518, NULL, 13695, 2, 1, 4.80, '2026-06-17 07:00:14', '2026-06-17 07:00:14', 3965),
(58519, NULL, 13695, 39, 1, 14.98, '2026-06-17 07:00:14', '2026-06-17 07:00:14', 3965),
(58520, NULL, 13695, 3, 4, 2.88, '2026-06-17 07:00:14', '2026-06-17 07:00:14', 3965),
(58521, NULL, 13695, 7, 2, 1.89, '2026-06-17 07:00:14', '2026-06-17 07:00:14', 3965),
(58522, NULL, 13695, 14, 6, 0.72, '2026-06-17 07:00:14', '2026-06-17 07:00:14', 3965),
(58523, NULL, 13696, 37, 1, 6.49, '2026-06-17 07:06:51', '2026-06-17 07:06:51', 7187),
(58524, NULL, 13696, 2, 1, 4.80, '2026-06-17 07:06:51', '2026-06-17 07:06:51', 7187),
(58525, NULL, 13696, 39, 1, 14.98, '2026-06-17 07:06:51', '2026-06-17 07:06:51', 7187),
(58526, NULL, 13696, 3, 4, 2.88, '2026-06-17 07:06:51', '2026-06-17 07:06:51', 7187),
(58527, NULL, 13696, 7, 2, 1.89, '2026-06-17 07:06:51', '2026-06-17 07:06:51', 7187),
(58528, NULL, 13696, 14, 6, 0.72, '2026-06-17 07:06:51', '2026-06-17 07:06:51', 7187),
(58529, NULL, 13697, 2, 1, 4.80, '2026-06-17 07:12:20', '2026-06-17 07:12:20', 3971),
(58530, NULL, 13697, 39, 1, 14.98, '2026-06-17 07:12:20', '2026-06-17 07:12:20', 3971),
(58531, NULL, 13697, 3, 4, 2.88, '2026-06-17 07:12:20', '2026-06-17 07:12:20', 3971),
(58532, NULL, 13697, 7, 2, 1.89, '2026-06-17 07:12:20', '2026-06-17 07:12:20', 3971),
(58533, NULL, 13697, 56, 1, 8.48, '2026-06-17 07:12:20', '2026-06-17 07:12:20', 3971),
(58534, NULL, 13697, 14, 6, 0.72, '2026-06-17 07:12:20', '2026-06-17 07:12:20', 3971),
(58535, NULL, 13698, 2, 1, 4.80, '2026-06-17 07:18:23', '2026-06-17 07:18:23', 3969),
(58536, NULL, 13698, 39, 1, 14.98, '2026-06-17 07:18:23', '2026-06-17 07:18:23', 3969),
(58537, NULL, 13698, 7, 2, 1.89, '2026-06-17 07:18:23', '2026-06-17 07:18:23', 3969),
(58538, NULL, 13698, 56, 1, 8.48, '2026-06-17 07:18:23', '2026-06-17 07:18:23', 3969),
(58539, NULL, 13698, 14, 6, 0.72, '2026-06-17 07:18:23', '2026-06-17 07:18:23', 3969),
(58540, NULL, 13698, 3, 4, 2.88, '2026-06-17 07:18:23', '2026-06-17 07:18:23', 3969),
(58541, NULL, 13699, 2, 1, 4.80, '2026-06-17 07:25:07', '2026-06-17 07:25:07', 7188),
(58542, NULL, 13699, 39, 1, 14.98, '2026-06-17 07:25:07', '2026-06-17 07:25:07', 7188),
(58543, NULL, 13699, 3, 4, 2.88, '2026-06-17 07:25:07', '2026-06-17 07:25:07', 7188),
(58544, NULL, 13699, 7, 2, 1.89, '2026-06-17 07:25:07', '2026-06-17 07:25:07', 7188),
(58545, NULL, 13699, 37, 1, 6.49, '2026-06-17 07:25:07', '2026-06-17 07:25:07', 7188),
(58546, NULL, 13699, 14, 2, 0.72, '2026-06-17 07:25:07', '2026-06-17 07:25:07', 7188),
(58547, NULL, 13700, 2, 1, 4.80, '2026-06-17 07:30:19', '2026-06-17 07:30:19', 3964),
(58548, NULL, 13700, 39, 1, 14.98, '2026-06-17 07:30:19', '2026-06-17 07:30:19', 3964),
(58549, NULL, 13700, 3, 4, 2.88, '2026-06-17 07:30:19', '2026-06-17 07:30:19', 3964),
(58550, NULL, 13700, 7, 2, 1.89, '2026-06-17 07:30:19', '2026-06-17 07:30:19', 3964),
(58551, NULL, 13700, 56, 1, 8.48, '2026-06-17 07:30:19', '2026-06-17 07:30:19', 3964),
(58552, NULL, 13700, 14, 6, 0.72, '2026-06-17 07:30:19', '2026-06-17 07:30:19', 3964),
(58553, NULL, 13701, 2, 1, 4.80, '2026-06-17 08:12:01', '2026-06-17 08:12:01', 3951),
(58554, NULL, 13701, 39, 1, 14.98, '2026-06-17 08:12:01', '2026-06-17 08:12:01', 3951),
(58555, NULL, 13701, 3, 4, 2.88, '2026-06-17 08:12:01', '2026-06-17 08:12:01', 3951),
(58556, NULL, 13701, 7, 2, 1.89, '2026-06-17 08:12:01', '2026-06-17 08:12:01', 3951),
(58557, NULL, 13701, 56, 1, 8.48, '2026-06-17 08:12:01', '2026-06-17 08:12:01', 3951),
(58558, NULL, 13701, 14, 6, 0.72, '2026-06-17 08:12:01', '2026-06-17 08:12:01', 3951),
(58559, NULL, 13702, 2, 1, 4.80, '2026-06-17 08:16:28', '2026-06-17 08:16:28', 3949),
(58560, NULL, 13702, 39, 1, 14.98, '2026-06-17 08:16:28', '2026-06-17 08:16:28', 3949),
(58561, NULL, 13702, 3, 4, 2.88, '2026-06-17 08:16:28', '2026-06-17 08:16:28', 3949),
(58562, NULL, 13702, 7, 2, 1.89, '2026-06-17 08:16:28', '2026-06-17 08:16:28', 3949),
(58563, NULL, 13702, 56, 1, 8.48, '2026-06-17 08:16:28', '2026-06-17 08:16:28', 3949),
(58564, NULL, 13702, 14, 6, 0.72, '2026-06-17 08:16:28', '2026-06-17 08:16:28', 3949),
(58565, NULL, 13703, 2, 1, 4.80, '2026-06-17 08:18:16', '2026-06-17 08:18:16', 3948),
(58566, NULL, 13703, 39, 1, 14.98, '2026-06-17 08:18:16', '2026-06-17 08:18:16', 3948),
(58567, NULL, 13704, 2, 1, 4.80, '2026-06-17 08:21:09', '2026-06-17 08:21:09', 3958),
(58568, NULL, 13704, 39, 1, 14.98, '2026-06-17 08:21:09', '2026-06-17 08:21:09', 3958),
(58569, NULL, 13704, 56, 1, 8.48, '2026-06-17 08:21:09', '2026-06-17 08:21:09', 3958),
(58570, NULL, 13705, 2, 1, 4.80, '2026-06-17 08:25:32', '2026-06-17 08:25:32', 3962),
(58571, NULL, 13705, 39, 1, 14.98, '2026-06-17 08:25:32', '2026-06-17 08:25:32', 3962),
(58572, NULL, 13705, 3, 4, 2.88, '2026-06-17 08:25:32', '2026-06-17 08:25:32', 3962),
(58573, NULL, 13705, 7, 2, 1.89, '2026-06-17 08:25:32', '2026-06-17 08:25:32', 3962),
(58574, NULL, 13705, 56, 1, 8.48, '2026-06-17 08:25:32', '2026-06-17 08:25:32', 3962),
(58575, NULL, 13705, 14, 6, 0.72, '2026-06-17 08:25:32', '2026-06-17 08:25:32', 3962),
(58576, NULL, 13706, 2, 1, 4.80, '2026-06-17 08:30:05', '2026-06-17 08:30:05', 3959),
(58577, NULL, 13706, 39, 1, 14.98, '2026-06-17 08:30:05', '2026-06-17 08:30:05', 3959),
(58578, NULL, 13706, 3, 4, 2.88, '2026-06-17 08:30:05', '2026-06-17 08:30:05', 3959),
(58579, NULL, 13706, 7, 2, 1.89, '2026-06-17 08:30:05', '2026-06-17 08:30:05', 3959),
(58580, NULL, 13706, 14, 2, 0.72, '2026-06-17 08:30:05', '2026-06-17 08:30:05', 3959),
(58581, NULL, 13707, 2, 1, 4.80, '2026-06-17 08:36:14', '2026-06-17 08:36:14', 3957),
(58582, NULL, 13707, 39, 1, 14.98, '2026-06-17 08:36:14', '2026-06-17 08:36:14', 3957),
(58583, NULL, 13707, 3, 4, 2.88, '2026-06-17 08:36:14', '2026-06-17 08:36:14', 3957),
(58584, NULL, 13707, 7, 2, 1.89, '2026-06-17 08:36:14', '2026-06-17 08:36:14', 3957),
(58585, NULL, 13707, 56, 1, 8.48, '2026-06-17 08:36:14', '2026-06-17 08:36:14', 3957),
(58586, NULL, 13707, 14, 6, 0.72, '2026-06-17 08:36:14', '2026-06-17 08:36:14', 3957),
(58587, NULL, 13708, 2, 1, 4.80, '2026-06-17 08:41:20', '2026-06-17 08:41:20', 3952),
(58588, NULL, 13708, 39, 1, 14.98, '2026-06-17 08:41:20', '2026-06-17 08:41:20', 3952),
(58589, NULL, 13708, 3, 4, 2.88, '2026-06-17 08:41:20', '2026-06-17 08:41:20', 3952),
(58590, NULL, 13708, 7, 2, 1.89, '2026-06-17 08:41:20', '2026-06-17 08:41:20', 3952),
(58591, NULL, 13708, 56, 1, 8.48, '2026-06-17 08:41:20', '2026-06-17 08:41:20', 3952),
(58592, NULL, 13708, 14, 10, 0.72, '2026-06-17 08:41:20', '2026-06-17 08:41:20', 3952),
(58593, NULL, 13709, 2, 1, 4.80, '2026-06-17 08:45:46', '2026-06-17 08:45:46', 3955),
(58594, NULL, 13709, 39, 1, 14.98, '2026-06-17 08:45:46', '2026-06-17 08:45:46', 3955),
(58595, NULL, 13709, 3, 4, 2.88, '2026-06-17 08:45:46', '2026-06-17 08:45:46', 3955),
(58596, NULL, 13709, 7, 2, 1.89, '2026-06-17 08:45:46', '2026-06-17 08:45:46', 3955),
(58597, NULL, 13709, 14, 6, 0.72, '2026-06-17 08:45:46', '2026-06-17 08:45:46', 3955),
(58598, NULL, 13710, 2, 1, 4.80, '2026-06-17 08:50:30', '2026-06-17 08:50:30', 3961),
(58599, NULL, 13710, 39, 1, 14.98, '2026-06-17 08:50:30', '2026-06-17 08:50:30', 3961),
(58600, NULL, 13710, 3, 4, 2.88, '2026-06-17 08:50:30', '2026-06-17 08:50:30', 3961),
(58601, NULL, 13710, 7, 2, 1.89, '2026-06-17 08:50:30', '2026-06-17 08:50:30', 3961),
(58602, NULL, 13710, 14, 6, 0.72, '2026-06-17 08:50:30', '2026-06-17 08:50:30', 3961),
(58603, NULL, 13710, 56, 1, 8.48, '2026-06-17 08:50:30', '2026-06-17 08:50:30', 3961),
(58604, NULL, 13711, 2, 1, 4.80, '2026-06-17 08:52:58', '2026-06-17 08:52:58', 3963),
(58605, NULL, 13711, 39, 1, 14.98, '2026-06-17 08:52:58', '2026-06-17 08:52:58', 3963),
(58606, NULL, 13712, 2, 1, 4.80, '2026-06-17 08:58:58', '2026-06-17 08:58:58', 3960),
(58607, NULL, 13712, 39, 1, 14.98, '2026-06-17 08:58:58', '2026-06-17 08:58:58', 3960),
(58608, NULL, 13712, 3, 4, 2.88, '2026-06-17 08:58:58', '2026-06-17 08:58:58', 3960),
(58609, NULL, 13712, 7, 2, 1.89, '2026-06-17 08:58:58', '2026-06-17 08:58:58', 3960),
(58610, NULL, 13712, 56, 1, 8.48, '2026-06-17 08:58:58', '2026-06-17 08:58:58', 3960),
(58611, NULL, 13712, 14, 6, 0.72, '2026-06-17 08:58:58', '2026-06-17 08:58:58', 3960),
(58612, NULL, 13713, 2, 1, 4.80, '2026-06-17 09:01:07', '2026-06-17 09:01:07', 3956),
(58613, NULL, 13713, 39, 1, 14.98, '2026-06-17 09:01:07', '2026-06-17 09:01:07', 3956),
(58614, NULL, 13716, 2, 1, 4.80, '2026-06-17 10:48:55', '2026-06-17 10:48:55', 6760),
(58615, NULL, 13716, 39, 1, 14.98, '2026-06-17 10:48:55', '2026-06-17 10:48:55', 6760),
(58616, NULL, 13716, 3, 4, 2.88, '2026-06-17 10:48:55', '2026-06-17 10:48:55', 6760),
(58617, NULL, 13716, 7, 2, 1.89, '2026-06-17 10:48:55', '2026-06-17 10:48:55', 6760),
(58618, NULL, 13717, 2, 1, 4.80, '2026-06-17 10:52:29', '2026-06-17 10:52:29', 4005),
(58619, NULL, 13717, 39, 1, 14.98, '2026-06-17 10:52:29', '2026-06-17 10:52:29', 4005),
(58620, NULL, 13717, 3, 4, 2.88, '2026-06-17 10:52:29', '2026-06-17 10:52:29', 4005),
(58621, NULL, 13717, 7, 2, 1.89, '2026-06-17 10:52:29', '2026-06-17 10:52:29', 4005),
(58622, NULL, 13717, 56, 1, 8.48, '2026-06-17 10:52:29', '2026-06-17 10:52:29', 4005),
(58623, NULL, 13717, 14, 6, 0.72, '2026-06-17 10:52:29', '2026-06-17 10:52:29', 4005),
(58624, NULL, 13718, 2, 1, 4.80, '2026-06-17 10:57:19', '2026-06-17 10:57:19', 4009),
(58625, NULL, 13718, 39, 1, 14.98, '2026-06-17 10:57:19', '2026-06-17 10:57:19', 4009),
(58626, NULL, 13718, 3, 4, 2.88, '2026-06-17 10:57:19', '2026-06-17 10:57:19', 4009),
(58627, NULL, 13718, 7, 2, 1.89, '2026-06-17 10:57:19', '2026-06-17 10:57:19', 4009),
(58628, NULL, 13718, 56, 1, 8.48, '2026-06-17 10:57:19', '2026-06-17 10:57:19', 4009),
(58629, NULL, 13718, 14, 6, 0.72, '2026-06-17 10:57:19', '2026-06-17 10:57:19', 4009),
(58630, NULL, 13718, 31, 1, 28.48, '2026-06-17 10:57:19', '2026-06-17 10:57:19', 4009),
(58631, NULL, 13719, 2, 1, 4.80, '2026-06-17 11:00:41', '2026-06-17 11:00:41', 4007),
(58632, NULL, 13719, 39, 1, 14.98, '2026-06-17 11:00:41', '2026-06-17 11:00:41', 4007),
(58633, NULL, 13719, 3, 4, 2.88, '2026-06-17 11:00:41', '2026-06-17 11:00:41', 4007),
(58634, NULL, 13719, 7, 2, 1.89, '2026-06-17 11:00:41', '2026-06-17 11:00:41', 4007),
(58635, NULL, 13719, 14, 6, 0.72, '2026-06-17 11:00:41', '2026-06-17 11:00:41', 4007),
(58636, NULL, 13720, 2, 1, 4.80, '2026-06-17 11:04:11', '2026-06-17 11:04:11', 4003),
(58637, NULL, 13720, 39, 1, 14.98, '2026-06-17 11:04:11', '2026-06-17 11:04:11', 4003),
(58638, NULL, 13720, 3, 4, 2.88, '2026-06-17 11:04:11', '2026-06-17 11:04:11', 4003),
(58639, NULL, 13720, 7, 2, 1.89, '2026-06-17 11:04:11', '2026-06-17 11:04:11', 4003),
(58640, NULL, 13720, 14, 6, 0.72, '2026-06-17 11:04:11', '2026-06-17 11:04:11', 4003),
(58641, NULL, 13721, 2, 1, 4.80, '2026-06-17 11:08:45', '2026-06-17 11:08:45', 4006),
(58642, NULL, 13721, 39, 1, 14.98, '2026-06-17 11:08:45', '2026-06-17 11:08:45', 4006),
(58643, NULL, 13721, 3, 4, 2.88, '2026-06-17 11:08:45', '2026-06-17 11:08:45', 4006),
(58644, NULL, 13721, 14, 2, 0.72, '2026-06-17 11:08:45', '2026-06-17 11:08:45', 4006),
(58645, NULL, 13721, 56, 1, 8.48, '2026-06-17 11:08:45', '2026-06-17 11:08:45', 4006),
(58646, NULL, 13722, 2, 1, 4.80, '2026-06-17 11:13:19', '2026-06-17 11:13:19', 4001),
(58647, NULL, 13722, 39, 1, 14.98, '2026-06-17 11:13:19', '2026-06-17 11:13:19', 4001),
(58648, NULL, 13722, 3, 4, 2.88, '2026-06-17 11:13:19', '2026-06-17 11:13:19', 4001),
(58649, NULL, 13722, 7, 2, 1.89, '2026-06-17 11:13:19', '2026-06-17 11:13:19', 4001),
(58650, NULL, 13722, 56, 1, 8.48, '2026-06-17 11:13:19', '2026-06-17 11:13:19', 4001),
(58651, NULL, 13722, 14, 6, 0.72, '2026-06-17 11:13:19', '2026-06-17 11:13:19', 4001),
(58652, NULL, 13723, 2, 1, 4.80, '2026-06-17 11:14:51', '2026-06-17 11:14:51', 4000),
(58653, NULL, 13723, 39, 1, 14.98, '2026-06-17 11:14:51', '2026-06-17 11:14:51', 4000),
(58654, NULL, 13725, 2, 1, 4.80, '2026-06-17 11:21:43', '2026-06-17 11:21:43', 4008),
(58655, NULL, 13725, 39, 1, 14.98, '2026-06-17 11:21:43', '2026-06-17 11:21:43', 4008),
(58656, NULL, 13725, 3, 4, 2.88, '2026-06-17 11:21:43', '2026-06-17 11:21:43', 4008),
(58657, NULL, 13725, 7, 2, 1.89, '2026-06-17 11:21:43', '2026-06-17 11:21:43', 4008),
(58658, NULL, 13725, 14, 6, 0.72, '2026-06-17 11:21:43', '2026-06-17 11:21:43', 4008),
(58659, NULL, 13725, 56, 1, 8.48, '2026-06-17 11:21:43', '2026-06-17 11:21:43', 4008),
(58660, NULL, 13726, 2, 1, 4.80, '2026-06-17 11:27:03', '2026-06-17 11:27:03', 4004),
(58661, NULL, 13726, 39, 1, 14.98, '2026-06-17 11:27:03', '2026-06-17 11:27:03', 4004),
(58662, NULL, 13726, 3, 4, 2.88, '2026-06-17 11:27:03', '2026-06-17 11:27:03', 4004),
(58663, NULL, 13726, 7, 2, 1.89, '2026-06-17 11:27:03', '2026-06-17 11:27:03', 4004),
(58664, NULL, 13726, 14, 6, 0.72, '2026-06-17 11:27:03', '2026-06-17 11:27:03', 4004),
(58665, NULL, 13728, 37, 1, 6.49, '2026-06-17 11:40:10', '2026-06-17 11:40:10', 7189),
(58666, NULL, 13728, 61, 1, 79.00, '2026-06-17 11:40:10', '2026-06-17 11:40:10', 7189),
(58667, NULL, 13728, 60, 1, 129.00, '2026-06-17 11:40:10', '2026-06-17 11:40:10', 7189),
(58668, NULL, 13728, 62, 1, 68.00, '2026-06-17 11:40:10', '2026-06-17 11:40:10', 7189),
(58669, NULL, 13729, 2, 1, 4.80, '2026-06-17 11:45:22', '2026-06-17 11:45:22', 6320),
(58670, NULL, 13729, 39, 1, 14.98, '2026-06-17 11:45:22', '2026-06-17 11:45:22', 6320),
(58671, NULL, 13729, 3, 4, 2.88, '2026-06-17 11:45:22', '2026-06-17 11:45:22', 6320),
(58672, NULL, 13729, 7, 2, 1.89, '2026-06-17 11:45:22', '2026-06-17 11:45:22', 6320),
(58673, NULL, 13729, 14, 6, 0.72, '2026-06-17 11:45:22', '2026-06-17 11:45:22', 6320),
(58674, NULL, 13730, 2, 1, 4.80, '2026-06-17 11:50:48', '2026-06-17 11:50:48', 3999),
(58675, NULL, 13730, 39, 1, 14.98, '2026-06-17 11:50:48', '2026-06-17 11:50:48', 3999),
(58676, NULL, 13730, 3, 4, 2.88, '2026-06-17 11:50:48', '2026-06-17 11:50:48', 3999),
(58677, NULL, 13730, 7, 2, 1.89, '2026-06-17 11:50:48', '2026-06-17 11:50:48', 3999),
(58678, NULL, 13730, 56, 1, 8.48, '2026-06-17 11:50:48', '2026-06-17 11:50:48', 3999),
(58679, NULL, 13730, 14, 6, 0.72, '2026-06-17 11:50:48', '2026-06-17 11:50:48', 3999),
(58680, NULL, 13732, 37, 1, 6.49, '2026-06-17 11:53:54', '2026-06-17 11:53:54', 7190),
(58681, NULL, 13732, 60, 1, 129.00, '2026-06-17 11:53:54', '2026-06-17 11:53:54', 7190),
(58682, NULL, 13732, 62, 1, 68.00, '2026-06-17 11:53:54', '2026-06-17 11:53:54', 7190),
(58683, NULL, 13732, 61, 1, 79.00, '2026-06-17 11:53:54', '2026-06-17 11:53:54', 7190),
(58684, NULL, 13733, 2, 1, 4.80, '2026-06-18 06:07:26', '2026-06-18 06:07:26', 7191),
(58685, NULL, 13733, 39, 1, 14.98, '2026-06-18 06:07:26', '2026-06-18 06:07:26', 7191),
(58686, NULL, 13733, 3, 12, 2.88, '2026-06-18 06:07:26', '2026-06-18 06:07:26', 7191),
(58687, NULL, 13733, 43, 1, 10.58, '2026-06-18 06:07:26', '2026-06-18 06:07:26', 7191),
(58688, NULL, 13733, 23, 1, 6.89, '2026-06-18 06:07:26', '2026-06-18 06:07:26', 7191),
(58694, NULL, 13734, 2, 1, 4.80, '2026-06-18 06:20:21', '2026-06-18 06:20:21', 7192),
(58695, NULL, 13734, 39, 1, 14.98, '2026-06-18 06:20:21', '2026-06-18 06:20:21', 7192),
(58696, NULL, 13734, 3, 4, 2.88, '2026-06-18 06:20:22', '2026-06-18 06:20:22', 7192),
(58697, NULL, 13734, 7, 2, 1.89, '2026-06-18 06:20:22', '2026-06-18 06:20:22', 7192),
(58698, NULL, 13734, 14, 6, 0.72, '2026-06-18 06:20:22', '2026-06-18 06:20:22', 7192),
(58699, NULL, 13735, 2, 1, 4.80, '2026-06-18 06:42:10', '2026-06-18 06:42:10', 7193),
(58700, NULL, 13735, 39, 1, 14.98, '2026-06-18 06:42:10', '2026-06-18 06:42:10', 7193),
(58701, NULL, 13735, 3, 12, 2.88, '2026-06-18 06:42:10', '2026-06-18 06:42:10', 7193),
(58702, NULL, 13735, 7, 8, 1.89, '2026-06-18 06:42:10', '2026-06-18 06:42:10', 7193),
(58703, NULL, 13735, 56, 1, 8.48, '2026-06-18 06:42:10', '2026-06-18 06:42:10', 7193),
(58704, NULL, 13736, 2, 1, 4.80, '2026-06-18 06:50:52', '2026-06-18 06:50:52', 7194),
(58705, NULL, 13736, 39, 1, 14.98, '2026-06-18 06:50:52', '2026-06-18 06:50:52', 7194),
(58706, NULL, 13736, 3, 4, 2.88, '2026-06-18 06:50:52', '2026-06-18 06:50:52', 7194),
(58707, NULL, 13736, 56, 1, 8.48, '2026-06-18 06:50:52', '2026-06-18 06:50:52', 7194),
(58708, NULL, 13737, 2, 1, 4.80, '2026-06-18 07:30:42', '2026-06-18 07:30:42', 7195),
(58709, NULL, 13737, 39, 1, 14.98, '2026-06-18 07:30:42', '2026-06-18 07:30:42', 7195),
(58710, NULL, 13737, 3, 8, 2.88, '2026-06-18 07:30:42', '2026-06-18 07:30:42', 7195),
(58711, NULL, 13737, 7, 8, 1.89, '2026-06-18 07:30:42', '2026-06-18 07:30:42', 7195),
(58712, NULL, 13737, 56, 1, 8.48, '2026-06-18 07:30:42', '2026-06-18 07:30:42', 7195),
(58713, NULL, 13738, 2, 1, 4.80, '2026-06-18 07:41:17', '2026-06-18 07:41:17', 7196),
(58714, NULL, 13738, 39, 1, 14.98, '2026-06-18 07:41:17', '2026-06-18 07:41:17', 7196),
(58715, NULL, 13738, 3, 8, 2.88, '2026-06-18 07:41:17', '2026-06-18 07:41:17', 7196),
(58716, NULL, 13738, 7, 8, 1.89, '2026-06-18 07:41:17', '2026-06-18 07:41:17', 7196),
(58717, NULL, 13739, 2, 1, 4.80, '2026-06-18 07:46:41', '2026-06-18 07:46:41', 7197),
(58718, NULL, 13739, 39, 1, 14.98, '2026-06-18 07:46:41', '2026-06-18 07:46:41', 7197),
(58719, NULL, 13740, 2, 1, 4.80, '2026-06-18 09:02:25', '2026-06-18 09:02:25', 7198),
(58720, NULL, 13740, 39, 1, 14.98, '2026-06-18 09:02:25', '2026-06-18 09:02:25', 7198),
(58721, NULL, 13740, 3, 12, 2.88, '2026-06-18 09:02:25', '2026-06-18 09:02:25', 7198),
(58722, NULL, 13740, 7, 8, 1.89, '2026-06-18 09:02:25', '2026-06-18 09:02:25', 7198),
(58723, NULL, 13740, 56, 1, 8.48, '2026-06-18 09:02:25', '2026-06-18 09:02:25', 7198),
(58729, NULL, 13742, 2, 1, 4.80, '2026-06-18 10:22:04', '2026-06-18 10:22:04', 7200),
(58730, NULL, 13742, 39, 1, 14.98, '2026-06-18 10:22:04', '2026-06-18 10:22:04', 7200),
(58731, NULL, 13742, 3, 8, 2.88, '2026-06-18 10:22:04', '2026-06-18 10:22:04', 7200),
(58732, NULL, 13742, 7, 8, 1.89, '2026-06-18 10:22:04', '2026-06-18 10:22:04', 7200),
(58733, NULL, 13742, 56, 1, 8.48, '2026-06-18 10:22:04', '2026-06-18 10:22:04', 7200),
(58734, NULL, 13743, 2, 1, 4.80, '2026-06-18 10:37:48', '2026-06-18 10:37:48', 7201),
(58735, NULL, 13743, 39, 1, 14.98, '2026-06-18 10:37:48', '2026-06-18 10:37:48', 7201),
(58736, NULL, 13743, 56, 1, 8.48, '2026-06-18 10:37:48', '2026-06-18 10:37:48', 7201),
(58737, NULL, 13741, 2, 1, 4.80, '2026-06-18 10:38:05', '2026-06-18 10:38:05', 7199),
(58738, NULL, 13741, 39, 1, 14.98, '2026-06-18 10:38:05', '2026-06-18 10:38:05', 7199),
(58739, NULL, 13741, 3, 8, 2.88, '2026-06-18 10:38:05', '2026-06-18 10:38:05', 7199),
(58740, NULL, 13741, 7, 8, 1.89, '2026-06-18 10:38:05', '2026-06-18 10:38:05', 7199),
(58741, NULL, 13741, 56, 1, 8.48, '2026-06-18 10:38:05', '2026-06-18 10:38:05', 7199),
(58742, NULL, 13741, 31, 1, 28.48, '2026-06-18 10:38:05', '2026-06-18 10:38:05', 7199),
(58743, NULL, 13744, 2, 1, 4.80, '2026-06-18 11:38:27', '2026-06-18 11:38:27', 7202),
(58744, NULL, 13744, 39, 1, 14.98, '2026-06-18 11:38:27', '2026-06-18 11:38:27', 7202),
(58745, NULL, 13744, 3, 4, 2.88, '2026-06-18 11:38:27', '2026-06-18 11:38:27', 7202),
(58746, NULL, 13744, 56, 1, 8.48, '2026-06-18 11:38:27', '2026-06-18 11:38:27', 7202),
(58747, NULL, 13744, 14, 2, 0.72, '2026-06-18 11:38:27', '2026-06-18 11:38:27', 7202),
(58748, NULL, 13745, 2, 1, 4.80, '2026-06-18 11:53:07', '2026-06-18 11:53:07', 7203),
(58749, NULL, 13745, 39, 1, 14.98, '2026-06-18 11:53:07', '2026-06-18 11:53:07', 7203),
(58750, NULL, 13745, 3, 8, 2.88, '2026-06-18 11:53:07', '2026-06-18 11:53:07', 7203),
(58751, NULL, 13745, 7, 8, 1.89, '2026-06-18 11:53:07', '2026-06-18 11:53:07', 7203),
(58752, NULL, 13745, 56, 1, 8.48, '2026-06-18 11:53:07', '2026-06-18 11:53:07', 7203),
(58753, NULL, 13746, 2, 1, 4.80, '2026-06-22 06:31:22', '2026-06-22 06:31:22', 6805),
(58754, NULL, 13746, 39, 1, 14.98, '2026-06-22 06:31:22', '2026-06-22 06:31:22', 6805),
(58755, NULL, 13746, 3, 4, 2.88, '2026-06-22 06:31:22', '2026-06-22 06:31:22', 6805),
(58756, NULL, 13746, 7, 2, 1.89, '2026-06-22 06:31:22', '2026-06-22 06:31:22', 6805),
(58757, NULL, 13747, 37, 1, 6.49, '2026-06-22 06:37:38', '2026-06-22 06:37:38', 7204),
(58758, NULL, 13747, 2, 1, 4.80, '2026-06-22 06:37:38', '2026-06-22 06:37:38', 7204),
(58759, NULL, 13747, 39, 1, 14.98, '2026-06-22 06:37:38', '2026-06-22 06:37:38', 7204),
(58760, NULL, 13747, 3, 4, 2.88, '2026-06-22 06:37:38', '2026-06-22 06:37:38', 7204),
(58761, NULL, 13747, 7, 2, 1.89, '2026-06-22 06:37:38', '2026-06-22 06:37:38', 7204),
(58762, NULL, 13748, 2, 1, 4.80, '2026-06-22 06:48:35', '2026-06-22 06:48:35', 6327),
(58763, NULL, 13748, 39, 1, 14.98, '2026-06-22 06:48:35', '2026-06-22 06:48:35', 6327),
(58764, NULL, 13748, 3, 4, 2.88, '2026-06-22 06:48:35', '2026-06-22 06:48:35', 6327),
(58765, NULL, 13748, 7, 2, 1.89, '2026-06-22 06:48:35', '2026-06-22 06:48:35', 6327),
(58766, NULL, 13748, 56, 1, 8.48, '2026-06-22 06:48:35', '2026-06-22 06:48:35', 6327),
(58767, NULL, 13749, 2, 1, 4.80, '2026-06-22 06:51:34', '2026-06-22 06:51:34', 3917),
(58768, NULL, 13749, 39, 1, 14.98, '2026-06-22 06:51:34', '2026-06-22 06:51:34', 3917),
(58769, NULL, 13749, 56, 1, 8.48, '2026-06-22 06:51:34', '2026-06-22 06:51:34', 3917),
(58770, NULL, 13750, 2, 1, 4.80, '2026-06-22 06:58:19', '2026-06-22 06:58:19', 7205),
(58771, NULL, 13750, 39, 1, 14.98, '2026-06-22 06:58:19', '2026-06-22 06:58:19', 7205),
(58772, NULL, 13750, 3, 4, 2.88, '2026-06-22 06:58:19', '2026-06-22 06:58:19', 7205),
(58773, NULL, 13750, 7, 2, 1.89, '2026-06-22 06:58:19', '2026-06-22 06:58:19', 7205),
(58774, NULL, 13750, 37, 1, 6.49, '2026-06-22 06:58:19', '2026-06-22 06:58:19', 7205),
(58775, NULL, 13751, 2, 1, 4.80, '2026-06-22 07:03:23', '2026-06-22 07:03:23', 3915),
(58776, NULL, 13751, 39, 1, 14.98, '2026-06-22 07:03:23', '2026-06-22 07:03:23', 3915),
(58777, NULL, 13751, 3, 4, 2.88, '2026-06-22 07:03:23', '2026-06-22 07:03:23', 3915),
(58778, NULL, 13751, 7, 2, 1.89, '2026-06-22 07:03:23', '2026-06-22 07:03:23', 3915),
(58779, NULL, 13751, 14, 6, 0.72, '2026-06-22 07:03:23', '2026-06-22 07:03:23', 3915),
(58780, NULL, 13752, 2, 1, 4.80, '2026-06-22 07:06:40', '2026-06-22 07:06:40', 3918),
(58781, NULL, 13752, 56, 1, 8.48, '2026-06-22 07:06:40', '2026-06-22 07:06:40', 3918),
(58782, NULL, 13752, 39, 1, 14.98, '2026-06-22 07:06:40', '2026-06-22 07:06:40', 3918),
(58783, NULL, 13753, 2, 1, 4.80, '2026-06-22 07:23:02', '2026-06-22 07:23:02', 3920),
(58784, NULL, 13753, 39, 1, 14.98, '2026-06-22 07:23:02', '2026-06-22 07:23:02', 3920),
(58785, NULL, 13753, 3, 4, 2.88, '2026-06-22 07:23:02', '2026-06-22 07:23:02', 3920),
(58786, NULL, 13753, 7, 2, 1.89, '2026-06-22 07:23:02', '2026-06-22 07:23:02', 3920),
(58787, NULL, 13753, 56, 1, 8.48, '2026-06-22 07:23:02', '2026-06-22 07:23:02', 3920),
(58788, NULL, 13753, 13, 1, 9.58, '2026-06-22 07:23:02', '2026-06-22 07:23:02', 3920),
(58789, NULL, 13754, 2, 1, 4.80, '2026-06-22 07:25:46', '2026-06-22 07:25:46', 3914),
(58790, NULL, 13754, 39, 1, 14.98, '2026-06-22 07:25:46', '2026-06-22 07:25:46', 3914),
(58791, NULL, 13754, 3, 4, 2.88, '2026-06-22 07:25:46', '2026-06-22 07:25:46', 3914),
(58792, NULL, 13754, 7, 2, 1.89, '2026-06-22 07:25:46', '2026-06-22 07:25:46', 3914),
(58793, NULL, 13754, 14, 6, 0.72, '2026-06-22 07:25:46', '2026-06-22 07:25:46', 3914),
(58794, NULL, 13755, 2, 1, 4.80, '2026-06-22 07:36:51', '2026-06-22 07:36:51', 6326),
(58795, NULL, 13755, 39, 1, 14.98, '2026-06-22 07:36:51', '2026-06-22 07:36:51', 6326),
(58796, NULL, 13755, 3, 8, 2.88, '2026-06-22 07:36:51', '2026-06-22 07:36:51', 6326),
(58797, NULL, 13755, 7, 8, 1.89, '2026-06-22 07:36:51', '2026-06-22 07:36:51', 6326),
(58798, NULL, 13755, 56, 1, 8.48, '2026-06-22 07:36:51', '2026-06-22 07:36:51', 6326),
(58799, NULL, 13757, 2, 1, 4.80, '2026-06-22 08:39:59', '2026-06-22 08:39:59', 6806),
(58800, NULL, 13757, 39, 1, 14.98, '2026-06-22 08:39:59', '2026-06-22 08:39:59', 6806),
(58801, NULL, 13757, 3, 4, 2.88, '2026-06-22 08:39:59', '2026-06-22 08:39:59', 6806),
(58802, NULL, 13757, 7, 2, 1.89, '2026-06-22 08:39:59', '2026-06-22 08:39:59', 6806),
(58803, NULL, 13757, 14, 2, 0.72, '2026-06-22 08:39:59', '2026-06-22 08:39:59', 6806),
(58804, NULL, 13758, 2, 1, 4.80, '2026-06-22 08:45:22', '2026-06-22 08:45:22', 3906),
(58805, NULL, 13758, 39, 1, 14.98, '2026-06-22 08:45:22', '2026-06-22 08:45:22', 3906),
(58806, NULL, 13758, 3, 4, 2.88, '2026-06-22 08:45:22', '2026-06-22 08:45:22', 3906),
(58807, NULL, 13758, 7, 2, 1.89, '2026-06-22 08:45:22', '2026-06-22 08:45:22', 3906),
(58808, NULL, 13758, 14, 6, 0.72, '2026-06-22 08:45:22', '2026-06-22 08:45:22', 3906),
(58809, NULL, 13759, 2, 1, 4.80, '2026-06-22 08:50:18', '2026-06-22 08:50:18', 3913),
(58810, NULL, 13759, 39, 1, 14.98, '2026-06-22 08:50:18', '2026-06-22 08:50:18', 3913),
(58811, NULL, 13759, 3, 4, 2.88, '2026-06-22 08:50:18', '2026-06-22 08:50:18', 3913),
(58812, NULL, 13759, 7, 2, 1.89, '2026-06-22 08:50:18', '2026-06-22 08:50:18', 3913),
(58813, NULL, 13759, 56, 1, 8.48, '2026-06-22 08:50:18', '2026-06-22 08:50:18', 3913),
(58814, NULL, 13759, 14, 8, 0.72, '2026-06-22 08:50:18', '2026-06-22 08:50:18', 3913),
(58815, NULL, 13760, 2, 1, 4.80, '2026-06-22 08:52:20', '2026-06-22 08:52:20', 3904),
(58816, NULL, 13760, 39, 1, 14.98, '2026-06-22 08:52:20', '2026-06-22 08:52:20', 3904),
(58817, NULL, 13761, 2, 1, 4.80, '2026-06-22 08:57:32', '2026-06-22 08:57:32', 3911),
(58818, NULL, 13761, 39, 1, 14.98, '2026-06-22 08:57:32', '2026-06-22 08:57:32', 3911),
(58819, NULL, 13761, 3, 4, 2.88, '2026-06-22 08:57:32', '2026-06-22 08:57:32', 3911),
(58820, NULL, 13761, 7, 2, 1.89, '2026-06-22 08:57:32', '2026-06-22 08:57:32', 3911),
(58821, NULL, 13761, 14, 6, 0.72, '2026-06-22 08:57:32', '2026-06-22 08:57:32', 3911),
(58822, NULL, 13762, 2, 1, 4.80, '2026-06-22 09:02:28', '2026-06-22 09:02:28', 3907),
(58823, NULL, 13762, 39, 1, 14.98, '2026-06-22 09:02:28', '2026-06-22 09:02:28', 3907),
(58824, NULL, 13762, 3, 4, 2.88, '2026-06-22 09:02:28', '2026-06-22 09:02:28', 3907),
(58825, NULL, 13762, 7, 2, 1.89, '2026-06-22 09:02:28', '2026-06-22 09:02:28', 3907),
(58826, NULL, 13762, 56, 1, 8.48, '2026-06-22 09:02:28', '2026-06-22 09:02:28', 3907),
(58827, NULL, 13762, 14, 6, 0.72, '2026-06-22 09:02:28', '2026-06-22 09:02:28', 3907),
(58828, NULL, 13763, 2, 1, 4.80, '2026-06-22 09:06:21', '2026-06-22 09:06:21', 3909),
(58829, NULL, 13763, 39, 1, 14.98, '2026-06-22 09:06:21', '2026-06-22 09:06:21', 3909),
(58830, NULL, 13763, 3, 4, 2.88, '2026-06-22 09:06:21', '2026-06-22 09:06:21', 3909),
(58831, NULL, 13765, 37, 1, 6.49, '2026-06-22 09:17:41', '2026-06-22 09:17:41', 7206),
(58832, NULL, 13765, 60, 1, 129.00, '2026-06-22 09:17:41', '2026-06-22 09:17:41', 7206),
(58833, NULL, 13765, 62, 1, 68.00, '2026-06-22 09:17:41', '2026-06-22 09:17:41', 7206),
(58834, NULL, 13765, 61, 1, 79.00, '2026-06-22 09:17:41', '2026-06-22 09:17:41', 7206),
(58835, NULL, 13766, 2, 1, 4.80, '2026-06-22 09:23:11', '2026-06-22 09:23:11', 4961),
(58836, NULL, 13766, 39, 1, 14.98, '2026-06-22 09:23:11', '2026-06-22 09:23:11', 4961),
(58837, NULL, 13766, 3, 4, 2.88, '2026-06-22 09:23:11', '2026-06-22 09:23:11', 4961),
(58838, NULL, 13766, 7, 2, 1.89, '2026-06-22 09:23:11', '2026-06-22 09:23:11', 4961),
(58839, NULL, 13766, 56, 1, 8.48, '2026-06-22 09:23:11', '2026-06-22 09:23:11', 4961),
(58840, NULL, 13766, 14, 6, 0.72, '2026-06-22 09:23:11', '2026-06-22 09:23:11', 4961),
(58841, NULL, 13767, 2, 1, 4.80, '2026-06-22 09:27:47', '2026-06-22 09:27:47', 3910),
(58842, NULL, 13767, 39, 1, 14.98, '2026-06-22 09:27:47', '2026-06-22 09:27:47', 3910),
(58843, NULL, 13767, 56, 1, 8.48, '2026-06-22 09:27:47', '2026-06-22 09:27:47', 3910),
(58844, NULL, 13768, 2, 1, 4.80, '2026-06-22 10:49:09', '2026-06-22 10:49:09', 3526),
(58845, NULL, 13768, 39, 1, 14.98, '2026-06-22 10:49:09', '2026-06-22 10:49:09', 3526),
(58846, NULL, 13768, 3, 4, 2.88, '2026-06-22 10:49:09', '2026-06-22 10:49:09', 3526),
(58847, NULL, 13768, 7, 2, 1.89, '2026-06-22 10:49:09', '2026-06-22 10:49:09', 3526),
(58848, NULL, 13768, 14, 6, 0.72, '2026-06-22 10:49:09', '2026-06-22 10:49:09', 3526),
(58849, NULL, 13768, 56, 1, 8.48, '2026-06-22 10:49:09', '2026-06-22 10:49:09', 3526),
(58850, NULL, 13769, 2, 1, 4.80, '2026-06-22 10:55:24', '2026-06-22 10:55:24', 3532),
(58851, NULL, 13769, 39, 1, 14.98, '2026-06-22 10:55:24', '2026-06-22 10:55:24', 3532),
(58852, NULL, 13769, 3, 4, 2.88, '2026-06-22 10:55:24', '2026-06-22 10:55:24', 3532),
(58853, NULL, 13769, 7, 2, 1.89, '2026-06-22 10:55:24', '2026-06-22 10:55:24', 3532),
(58854, NULL, 13769, 56, 1, 8.48, '2026-06-22 10:55:24', '2026-06-22 10:55:24', 3532),
(58855, NULL, 13769, 14, 6, 0.72, '2026-06-22 10:55:24', '2026-06-22 10:55:24', 3532),
(58856, NULL, 13770, 2, 1, 4.80, '2026-06-22 11:02:49', '2026-06-22 11:02:49', 6325),
(58857, NULL, 13770, 39, 1, 14.98, '2026-06-22 11:02:49', '2026-06-22 11:02:49', 6325),
(58858, NULL, 13770, 3, 8, 2.88, '2026-06-22 11:02:49', '2026-06-22 11:02:49', 6325),
(58859, NULL, 13770, 7, 2, 1.89, '2026-06-22 11:02:49', '2026-06-22 11:02:49', 6325),
(58860, NULL, 13770, 56, 1, 8.48, '2026-06-22 11:02:49', '2026-06-22 11:02:49', 6325),
(58861, NULL, 13770, 14, 8, 0.72, '2026-06-22 11:02:49', '2026-06-22 11:02:49', 6325),
(58862, NULL, 13771, 2, 1, 4.80, '2026-06-22 11:06:21', '2026-06-22 11:06:21', 3529),
(58863, NULL, 13771, 39, 1, 14.98, '2026-06-22 11:06:21', '2026-06-22 11:06:21', 3529),
(58864, NULL, 13771, 3, 4, 2.88, '2026-06-22 11:06:21', '2026-06-22 11:06:21', 3529),
(58865, NULL, 13771, 7, 2, 1.89, '2026-06-22 11:06:21', '2026-06-22 11:06:21', 3529),
(58866, NULL, 13771, 14, 4, 0.72, '2026-06-22 11:06:21', '2026-06-22 11:06:21', 3529),
(58867, NULL, 13772, 2, 1, 4.80, '2026-06-22 11:11:20', '2026-06-22 11:11:20', 3530),
(58868, NULL, 13772, 39, 1, 14.98, '2026-06-22 11:11:20', '2026-06-22 11:11:20', 3530),
(58869, NULL, 13772, 3, 4, 2.88, '2026-06-22 11:11:20', '2026-06-22 11:11:20', 3530),
(58870, NULL, 13772, 7, 2, 1.89, '2026-06-22 11:11:20', '2026-06-22 11:11:20', 3530),
(58871, NULL, 13772, 56, 1, 8.48, '2026-06-22 11:11:20', '2026-06-22 11:11:20', 3530),
(58872, NULL, 13772, 14, 6, 0.72, '2026-06-22 11:11:20', '2026-06-22 11:11:20', 3530),
(58873, NULL, 13773, 2, 1, 4.80, '2026-06-22 11:15:35', '2026-06-22 11:15:35', 3527),
(58874, NULL, 13773, 39, 1, 14.98, '2026-06-22 11:15:35', '2026-06-22 11:15:35', 3527),
(58875, NULL, 13773, 3, 4, 2.88, '2026-06-22 11:15:35', '2026-06-22 11:15:35', 3527),
(58876, NULL, 13773, 7, 2, 1.89, '2026-06-22 11:15:35', '2026-06-22 11:15:35', 3527),
(58877, NULL, 13773, 14, 6, 0.72, '2026-06-22 11:15:35', '2026-06-22 11:15:35', 3527),
(58878, NULL, 13774, 2, 1, 4.80, '2026-06-22 11:21:05', '2026-06-22 11:21:05', 3533),
(58879, NULL, 13774, 39, 1, 14.98, '2026-06-22 11:21:05', '2026-06-22 11:21:05', 3533),
(58880, NULL, 13774, 3, 4, 2.88, '2026-06-22 11:21:05', '2026-06-22 11:21:05', 3533),
(58881, NULL, 13774, 7, 2, 1.89, '2026-06-22 11:21:05', '2026-06-22 11:21:05', 3533),
(58882, NULL, 13774, 56, 1, 8.48, '2026-06-22 11:21:05', '2026-06-22 11:21:05', 3533),
(58883, NULL, 13774, 14, 6, 0.72, '2026-06-22 11:21:05', '2026-06-22 11:21:05', 3533),
(58884, NULL, 13775, 2, 1, 4.80, '2026-06-22 11:25:09', '2026-06-22 11:25:09', 3523),
(58885, NULL, 13775, 39, 1, 14.98, '2026-06-22 11:25:09', '2026-06-22 11:25:09', 3523),
(58886, NULL, 13775, 3, 4, 2.88, '2026-06-22 11:25:09', '2026-06-22 11:25:09', 3523),
(58887, NULL, 13775, 7, 2, 1.89, '2026-06-22 11:25:09', '2026-06-22 11:25:09', 3523),
(58888, NULL, 13775, 14, 6, 0.72, '2026-06-22 11:25:09', '2026-06-22 11:25:09', 3523),
(58889, NULL, 13776, 2, 1, 4.80, '2026-06-22 11:28:29', '2026-06-22 11:28:29', 3531),
(58890, NULL, 13776, 39, 1, 14.98, '2026-06-22 11:28:29', '2026-06-22 11:28:29', 3531),
(58891, NULL, 13776, 56, 1, 8.48, '2026-06-22 11:28:29', '2026-06-22 11:28:29', 3531),
(58892, NULL, 13777, 2, 1, 4.80, '2026-06-22 11:35:03', '2026-06-22 11:35:03', 3528),
(58893, NULL, 13777, 39, 1, 14.98, '2026-06-22 11:35:03', '2026-06-22 11:35:03', 3528),
(58894, NULL, 13777, 3, 4, 2.88, '2026-06-22 11:35:03', '2026-06-22 11:35:03', 3528),
(58895, NULL, 13777, 7, 2, 1.89, '2026-06-22 11:35:03', '2026-06-22 11:35:03', 3528),
(58896, NULL, 13777, 56, 1, 8.48, '2026-06-22 11:35:03', '2026-06-22 11:35:03', 3528),
(58897, NULL, 13777, 14, 6, 0.72, '2026-06-22 11:35:03', '2026-06-22 11:35:03', 3528),
(58898, NULL, 13780, 2, 1, 4.80, '2026-06-22 12:34:08', '2026-06-22 12:34:08', 6372),
(58899, NULL, 13780, 39, 1, 14.98, '2026-06-22 12:34:08', '2026-06-22 12:34:08', 6372),
(58900, NULL, 13780, 3, 4, 2.88, '2026-06-22 12:34:08', '2026-06-22 12:34:08', 6372),
(58901, NULL, 13780, 7, 2, 1.89, '2026-06-22 12:34:08', '2026-06-22 12:34:08', 6372),
(58902, NULL, 13780, 37, 1, 6.49, '2026-06-22 12:34:08', '2026-06-22 12:34:08', 6372),
(58903, NULL, 13780, 14, 6, 0.72, '2026-06-22 12:34:08', '2026-06-22 12:34:08', 6372),
(58904, NULL, 13781, 2, 1, 4.80, '2026-06-22 12:41:03', '2026-06-22 12:41:03', 6373),
(58905, NULL, 13781, 39, 1, 14.98, '2026-06-22 12:41:03', '2026-06-22 12:41:03', 6373),
(58906, NULL, 13781, 3, 4, 2.88, '2026-06-22 12:41:03', '2026-06-22 12:41:03', 6373),
(58907, NULL, 13781, 7, 2, 1.89, '2026-06-22 12:41:03', '2026-06-22 12:41:03', 6373),
(58908, NULL, 13781, 56, 1, 8.48, '2026-06-22 12:41:03', '2026-06-22 12:41:03', 6373),
(58909, NULL, 13781, 37, 1, 6.49, '2026-06-22 12:41:03', '2026-06-22 12:41:03', 6373),
(58910, NULL, 13781, 14, 6, 0.72, '2026-06-22 12:41:03', '2026-06-22 12:41:03', 6373),
(58911, NULL, 13782, 2, 1, 4.80, '2026-06-22 12:45:28', '2026-06-22 12:45:28', 6370),
(58912, NULL, 13782, 39, 1, 14.98, '2026-06-22 12:45:28', '2026-06-22 12:45:28', 6370),
(58913, NULL, 13782, 37, 1, 6.49, '2026-06-22 12:45:28', '2026-06-22 12:45:28', 6370),
(58914, NULL, 13782, 56, 1, 8.48, '2026-06-22 12:45:28', '2026-06-22 12:45:28', 6370),
(58915, NULL, 13783, 2, 1, 4.80, '2026-06-22 12:50:19', '2026-06-22 12:50:19', 6376),
(58916, NULL, 13783, 39, 1, 14.98, '2026-06-22 12:50:19', '2026-06-22 12:50:19', 6376),
(58917, NULL, 13783, 3, 4, 2.88, '2026-06-22 12:50:19', '2026-06-22 12:50:19', 6376),
(58918, NULL, 13783, 7, 2, 1.89, '2026-06-22 12:50:19', '2026-06-22 12:50:19', 6376),
(58919, NULL, 13783, 37, 1, 6.49, '2026-06-22 12:50:19', '2026-06-22 12:50:19', 6376),
(58920, NULL, 13784, 2, 1, 4.80, '2026-06-22 12:56:57', '2026-06-22 12:56:57', 6371),
(58921, NULL, 13784, 39, 1, 14.98, '2026-06-22 12:56:57', '2026-06-22 12:56:57', 6371),
(58922, NULL, 13784, 3, 4, 2.88, '2026-06-22 12:56:57', '2026-06-22 12:56:57', 6371),
(58923, NULL, 13784, 7, 2, 1.89, '2026-06-22 12:56:57', '2026-06-22 12:56:57', 6371),
(58924, NULL, 13784, 37, 1, 6.49, '2026-06-22 12:56:57', '2026-06-22 12:56:57', 6371),
(58925, NULL, 13784, 56, 1, 8.48, '2026-06-22 12:56:57', '2026-06-22 12:56:57', 6371),
(58926, NULL, 13785, 37, 1, 6.49, '2026-06-22 13:02:19', '2026-06-22 13:02:19', 6375),
(58927, NULL, 13785, 2, 1, 4.80, '2026-06-22 13:02:19', '2026-06-22 13:02:19', 6375),
(58928, NULL, 13785, 39, 1, 14.98, '2026-06-22 13:02:19', '2026-06-22 13:02:19', 6375),
(58929, NULL, 13785, 3, 4, 2.88, '2026-06-22 13:02:19', '2026-06-22 13:02:19', 6375),
(58930, NULL, 13785, 7, 2, 1.89, '2026-06-22 13:02:19', '2026-06-22 13:02:19', 6375),
(58931, NULL, 13786, 2, 1, 4.80, '2026-06-22 13:08:10', '2026-06-22 13:08:10', 6374),
(58932, NULL, 13786, 39, 1, 14.98, '2026-06-22 13:08:10', '2026-06-22 13:08:10', 6374),
(58933, NULL, 13786, 37, 1, 6.49, '2026-06-22 13:08:10', '2026-06-22 13:08:10', 6374),
(58934, NULL, 13786, 56, 1, 8.48, '2026-06-22 13:08:10', '2026-06-22 13:08:10', 6374),
(58935, NULL, 13787, 2, 1, 4.80, '2026-06-22 13:12:29', '2026-06-22 13:12:29', 6377),
(58936, NULL, 13787, 39, 1, 14.98, '2026-06-22 13:12:29', '2026-06-22 13:12:29', 6377),
(58937, NULL, 13787, 37, 1, 6.49, '2026-06-22 13:12:29', '2026-06-22 13:12:29', 6377),
(58938, NULL, 13787, 56, 1, 8.48, '2026-06-22 13:12:29', '2026-06-22 13:12:29', 6377),
(58939, NULL, 13789, 2, 1, 4.80, '2026-06-23 07:15:36', '2026-06-23 07:15:36', 3481),
(58940, NULL, 13789, 39, 1, 14.98, '2026-06-23 07:15:36', '2026-06-23 07:15:36', 3481),
(58941, NULL, 13789, 3, 4, 2.88, '2026-06-23 07:15:36', '2026-06-23 07:15:36', 3481),
(58942, NULL, 13789, 7, 2, 1.89, '2026-06-23 07:15:36', '2026-06-23 07:15:36', 3481),
(58943, NULL, 13789, 14, 4, 0.72, '2026-06-23 07:15:36', '2026-06-23 07:15:36', 3481),
(58944, NULL, 13790, 2, 1, 4.80, '2026-06-23 07:19:09', '2026-06-23 07:19:09', 3476),
(58945, NULL, 13790, 39, 1, 14.98, '2026-06-23 07:19:09', '2026-06-23 07:19:09', 3476),
(58946, NULL, 13790, 3, 4, 2.88, '2026-06-23 07:19:09', '2026-06-23 07:19:09', 3476),
(58947, NULL, 13790, 56, 2, 8.48, '2026-06-23 07:19:09', '2026-06-23 07:19:09', 3476),
(58948, NULL, 13790, 14, 6, 0.72, '2026-06-23 07:19:09', '2026-06-23 07:19:09', 3476),
(58949, NULL, 13791, 2, 1, 4.80, '2026-06-23 07:24:44', '2026-06-23 07:24:44', 6378),
(58950, NULL, 13791, 39, 1, 14.98, '2026-06-23 07:24:44', '2026-06-23 07:24:44', 6378),
(58951, NULL, 13791, 3, 4, 2.88, '2026-06-23 07:24:44', '2026-06-23 07:24:44', 6378),
(58952, NULL, 13791, 7, 2, 1.89, '2026-06-23 07:24:44', '2026-06-23 07:24:44', 6378),
(58953, NULL, 13791, 14, 2, 0.72, '2026-06-23 07:24:44', '2026-06-23 07:24:44', 6378),
(58954, NULL, 13792, 2, 1, 4.80, '2026-06-23 07:28:06', '2026-06-23 07:28:06', 3480),
(58955, NULL, 13792, 39, 1, 14.98, '2026-06-23 07:28:06', '2026-06-23 07:28:06', 3480),
(58956, NULL, 13792, 3, 4, 2.88, '2026-06-23 07:28:06', '2026-06-23 07:28:06', 3480),
(58957, NULL, 13792, 14, 2, 0.72, '2026-06-23 07:28:06', '2026-06-23 07:28:06', 3480),
(58958, NULL, 13793, 2, 1, 4.80, '2026-06-23 07:33:40', '2026-06-23 07:33:40', 3484),
(58959, NULL, 13793, 39, 1, 14.98, '2026-06-23 07:33:40', '2026-06-23 07:33:40', 3484),
(58960, NULL, 13793, 3, 4, 2.88, '2026-06-23 07:33:40', '2026-06-23 07:33:40', 3484),
(58961, NULL, 13793, 56, 2, 8.48, '2026-06-23 07:33:40', '2026-06-23 07:33:40', 3484),
(58962, NULL, 13793, 14, 6, 0.72, '2026-06-23 07:33:40', '2026-06-23 07:33:40', 3484),
(58963, NULL, 13793, 56, 1, 8.48, '2026-06-23 07:33:40', '2026-06-23 07:33:40', 3484),
(58964, NULL, 13794, 2, 1, 4.80, '2026-06-23 07:42:23', '2026-06-23 07:42:23', 3478),
(58965, NULL, 13794, 39, 1, 14.98, '2026-06-23 07:42:23', '2026-06-23 07:42:23', 3478),
(58966, NULL, 13794, 31, 1, 28.48, '2026-06-23 07:42:23', '2026-06-23 07:42:23', 3478),
(58967, NULL, 13794, 56, 1, 8.48, '2026-06-23 07:42:23', '2026-06-23 07:42:23', 3478),
(58968, NULL, 13795, 2, 1, 4.80, '2026-06-23 07:51:39', '2026-06-23 07:51:39', 3474),
(58969, NULL, 13795, 39, 1, 14.98, '2026-06-23 07:51:39', '2026-06-23 07:51:39', 3474),
(58970, NULL, 13795, 3, 8, 2.88, '2026-06-23 07:51:39', '2026-06-23 07:51:39', 3474),
(58971, NULL, 13795, 7, 2, 1.89, '2026-06-23 07:51:39', '2026-06-23 07:51:39', 3474),
(58972, NULL, 13795, 56, 1, 8.48, '2026-06-23 07:51:39', '2026-06-23 07:51:39', 3474),
(58973, NULL, 13795, 22, 1, 28.80, '2026-06-23 07:51:39', '2026-06-23 07:51:39', 3474),
(58974, NULL, 13795, 14, 8, 0.72, '2026-06-23 07:51:39', '2026-06-23 07:51:39', 3474),
(58975, NULL, 13796, 2, 1, 4.80, '2026-06-23 07:59:14', '2026-06-23 07:59:14', 3475),
(58976, NULL, 13796, 39, 1, 14.98, '2026-06-23 07:59:14', '2026-06-23 07:59:14', 3475),
(58977, NULL, 13796, 3, 4, 2.88, '2026-06-23 07:59:14', '2026-06-23 07:59:14', 3475),
(58978, NULL, 13796, 7, 2, 1.89, '2026-06-23 07:59:14', '2026-06-23 07:59:14', 3475),
(58979, NULL, 13796, 14, 6, 0.72, '2026-06-23 07:59:14', '2026-06-23 07:59:14', 3475),
(58980, NULL, 13796, 31, 1, 28.48, '2026-06-23 07:59:14', '2026-06-23 07:59:14', 3475),
(58981, NULL, 13796, 56, 1, 8.48, '2026-06-23 07:59:14', '2026-06-23 07:59:14', 3475),
(58982, NULL, 13797, 2, 1, 4.80, '2026-06-23 08:02:38', '2026-06-23 08:02:38', 3477),
(58983, NULL, 13797, 39, 1, 14.98, '2026-06-23 08:02:38', '2026-06-23 08:02:38', 3477),
(58984, NULL, 13797, 56, 1, 8.48, '2026-06-23 08:02:38', '2026-06-23 08:02:38', 3477),
(58985, NULL, 13800, 2, 1, 4.80, '2026-06-23 08:57:58', '2026-06-23 08:57:58', 3488),
(58986, NULL, 13800, 39, 1, 14.98, '2026-06-23 08:57:58', '2026-06-23 08:57:58', 3488),
(58987, NULL, 13800, 3, 4, 2.88, '2026-06-23 08:57:58', '2026-06-23 08:57:58', 3488),
(58988, NULL, 13800, 7, 2, 1.89, '2026-06-23 08:57:58', '2026-06-23 08:57:58', 3488),
(58989, NULL, 13800, 11, 1, 16.44, '2026-06-23 08:57:58', '2026-06-23 08:57:58', 3488),
(58990, NULL, 13800, 14, 6, 0.72, '2026-06-23 08:57:58', '2026-06-23 08:57:58', 3488),
(58991, NULL, 13801, 2, 1, 4.80, '2026-06-23 09:04:38', '2026-06-23 09:04:38', 3489),
(58992, NULL, 13801, 39, 1, 14.98, '2026-06-23 09:04:38', '2026-06-23 09:04:38', 3489),
(58993, NULL, 13801, 3, 4, 2.88, '2026-06-23 09:04:38', '2026-06-23 09:04:38', 3489),
(58994, NULL, 13801, 7, 2, 1.89, '2026-06-23 09:04:38', '2026-06-23 09:04:38', 3489),
(58995, NULL, 13801, 56, 1, 8.48, '2026-06-23 09:04:38', '2026-06-23 09:04:38', 3489),
(58996, NULL, 13801, 14, 6, 0.72, '2026-06-23 09:04:38', '2026-06-23 09:04:38', 3489),
(58997, NULL, 13802, 2, 1, 4.80, '2026-06-23 09:11:40', '2026-06-23 09:11:40', 3485),
(58998, NULL, 13802, 39, 1, 14.98, '2026-06-23 09:11:40', '2026-06-23 09:11:40', 3485),
(58999, NULL, 13802, 3, 8, 2.88, '2026-06-23 09:11:40', '2026-06-23 09:11:40', 3485),
(59000, NULL, 13802, 7, 8, 1.89, '2026-06-23 09:11:40', '2026-06-23 09:11:40', 3485),
(59001, NULL, 13802, 56, 1, 8.48, '2026-06-23 09:11:40', '2026-06-23 09:11:40', 3485),
(59002, NULL, 13803, 2, 1, 4.80, '2026-06-23 09:18:48', '2026-06-23 09:18:48', 3492),
(59003, NULL, 13803, 39, 1, 14.98, '2026-06-23 09:18:48', '2026-06-23 09:18:48', 3492),
(59004, NULL, 13803, 3, 4, 2.88, '2026-06-23 09:18:48', '2026-06-23 09:18:48', 3492),
(59005, NULL, 13803, 7, 2, 1.89, '2026-06-23 09:18:48', '2026-06-23 09:18:48', 3492),
(59006, NULL, 13803, 56, 1, 8.48, '2026-06-23 09:18:48', '2026-06-23 09:18:48', 3492),
(59007, NULL, 13803, 14, 6, 0.72, '2026-06-23 09:18:48', '2026-06-23 09:18:48', 3492),
(59008, NULL, 13804, 2, 1, 4.80, '2026-06-23 09:23:53', '2026-06-23 09:23:53', 3486),
(59009, NULL, 13804, 39, 1, 14.98, '2026-06-23 09:23:53', '2026-06-23 09:23:53', 3486),
(59010, NULL, 13804, 3, 4, 2.88, '2026-06-23 09:23:53', '2026-06-23 09:23:53', 3486),
(59011, NULL, 13804, 7, 2, 1.89, '2026-06-23 09:23:53', '2026-06-23 09:23:53', 3486),
(59012, NULL, 13804, 56, 1, 8.48, '2026-06-23 09:23:53', '2026-06-23 09:23:53', 3486),
(59013, NULL, 13804, 14, 6, 0.72, '2026-06-23 09:23:53', '2026-06-23 09:23:53', 3486),
(59014, NULL, 13805, 2, 1, 4.80, '2026-06-23 09:30:14', '2026-06-23 09:30:14', 3491),
(59015, NULL, 13805, 39, 1, 14.98, '2026-06-23 09:30:14', '2026-06-23 09:30:14', 3491),
(59016, NULL, 13805, 3, 4, 2.88, '2026-06-23 09:30:14', '2026-06-23 09:30:14', 3491),
(59017, NULL, 13805, 7, 2, 1.89, '2026-06-23 09:30:14', '2026-06-23 09:30:14', 3491),
(59018, NULL, 13805, 14, 6, 0.72, '2026-06-23 09:30:14', '2026-06-23 09:30:14', 3491),
(59019, NULL, 13806, 2, 1, 4.80, '2026-06-23 09:37:10', '2026-06-23 09:37:10', 4952),
(59020, NULL, 13806, 39, 1, 14.98, '2026-06-23 09:37:10', '2026-06-23 09:37:10', 4952),
(59021, NULL, 13806, 3, 4, 2.88, '2026-06-23 09:37:10', '2026-06-23 09:37:10', 4952),
(59022, NULL, 13806, 7, 2, 1.89, '2026-06-23 09:37:10', '2026-06-23 09:37:10', 4952),
(59023, NULL, 13806, 14, 6, 0.72, '2026-06-23 09:37:10', '2026-06-23 09:37:10', 4952),
(59024, NULL, 13807, 2, 1, 4.80, '2026-06-23 09:46:53', '2026-06-23 09:46:53', 6820),
(59025, NULL, 13807, 39, 1, 14.98, '2026-06-23 09:46:53', '2026-06-23 09:46:53', 6820),
(59026, NULL, 13807, 3, 8, 2.88, '2026-06-23 09:46:53', '2026-06-23 09:46:53', 6820),
(59027, NULL, 13807, 7, 2, 1.89, '2026-06-23 09:46:53', '2026-06-23 09:46:53', 6820),
(59028, NULL, 13807, 56, 1, 8.48, '2026-06-23 09:46:53', '2026-06-23 09:46:53', 6820),
(59029, NULL, 13809, 2, 1, 4.80, '2026-06-23 11:21:03', '2026-06-23 11:21:03', 3521),
(59030, NULL, 13809, 39, 1, 14.98, '2026-06-23 11:21:03', '2026-06-23 11:21:03', 3521),
(59031, NULL, 13811, 2, 1, 4.80, '2026-06-23 11:31:27', '2026-06-23 11:31:27', 3512),
(59032, NULL, 13811, 39, 1, 14.98, '2026-06-23 11:31:27', '2026-06-23 11:31:27', 3512),
(59033, NULL, 13811, 3, 4, 2.88, '2026-06-23 11:31:27', '2026-06-23 11:31:27', 3512),
(59034, NULL, 13811, 7, 2, 1.89, '2026-06-23 11:31:27', '2026-06-23 11:31:27', 3512),
(59035, NULL, 13811, 14, 6, 0.72, '2026-06-23 11:31:27', '2026-06-23 11:31:27', 3512),
(59036, NULL, 13812, 2, 1, 4.80, '2026-06-23 11:35:35', '2026-06-23 11:35:35', 3514),
(59037, NULL, 13812, 39, 1, 14.98, '2026-06-23 11:35:35', '2026-06-23 11:35:35', 3514),
(59038, NULL, 13812, 3, 4, 2.88, '2026-06-23 11:35:35', '2026-06-23 11:35:35', 3514),
(59039, NULL, 13812, 7, 2, 1.89, '2026-06-23 11:35:35', '2026-06-23 11:35:35', 3514),
(59040, NULL, 13812, 56, 1, 8.48, '2026-06-23 11:35:35', '2026-06-23 11:35:35', 3514),
(59041, NULL, 13812, 14, 6, 0.72, '2026-06-23 11:35:35', '2026-06-23 11:35:35', 3514),
(59042, NULL, 13813, 2, 1, 4.80, '2026-06-23 11:40:49', '2026-06-23 11:40:49', 3515),
(59043, NULL, 13813, 39, 1, 14.98, '2026-06-23 11:40:49', '2026-06-23 11:40:49', 3515),
(59044, NULL, 13813, 3, 4, 2.88, '2026-06-23 11:40:49', '2026-06-23 11:40:49', 3515),
(59045, NULL, 13813, 7, 2, 1.89, '2026-06-23 11:40:49', '2026-06-23 11:40:49', 3515),
(59046, NULL, 13813, 56, 1, 8.48, '2026-06-23 11:40:49', '2026-06-23 11:40:49', 3515),
(59047, NULL, 13813, 14, 8, 0.72, '2026-06-23 11:40:49', '2026-06-23 11:40:49', 3515),
(59048, NULL, 13814, 2, 1, 4.80, '2026-06-23 11:46:48', '2026-06-23 11:46:48', 6808),
(59049, NULL, 13814, 39, 1, 14.98, '2026-06-23 11:46:48', '2026-06-23 11:46:48', 6808),
(59050, NULL, 13814, 3, 4, 2.88, '2026-06-23 11:46:48', '2026-06-23 11:46:48', 6808),
(59051, NULL, 13814, 7, 2, 1.89, '2026-06-23 11:46:48', '2026-06-23 11:46:48', 6808),
(59052, NULL, 13815, 2, 1, 4.80, '2026-06-23 11:48:51', '2026-06-23 11:48:51', 3520),
(59053, NULL, 13815, 39, 1, 14.98, '2026-06-23 11:48:51', '2026-06-23 11:48:51', 3520),
(59054, NULL, 13816, 2, 1, 4.80, '2026-06-23 11:52:21', '2026-06-23 11:52:21', 3516),
(59055, NULL, 13816, 39, 1, 14.98, '2026-06-23 11:52:21', '2026-06-23 11:52:21', 3516),
(59056, NULL, 13816, 3, 4, 2.88, '2026-06-23 11:52:21', '2026-06-23 11:52:21', 3516),
(59057, NULL, 13816, 7, 2, 1.89, '2026-06-23 11:52:21', '2026-06-23 11:52:21', 3516),
(59058, NULL, 13816, 14, 6, 0.72, '2026-06-23 11:52:21', '2026-06-23 11:52:21', 3516),
(59059, NULL, 13818, 37, 1, 6.49, '2026-06-23 12:02:25', '2026-06-23 12:02:25', 7207),
(59060, NULL, 13818, 61, 1, 82.65, '2026-06-23 12:02:25', '2026-06-23 12:02:25', 7207),
(59061, NULL, 13818, 60, 1, 136.48, '2026-06-23 12:02:25', '2026-06-23 12:02:25', 7207),
(59062, NULL, 13818, 63, 1, 101.65, '2026-06-23 12:02:25', '2026-06-23 12:02:25', 7207),
(59063, NULL, 13819, 2, 1, 4.80, '2026-06-23 12:10:24', '2026-06-23 12:10:24', 3513),
(59064, NULL, 13819, 39, 1, 14.98, '2026-06-23 12:10:24', '2026-06-23 12:10:24', 3513),
(59065, NULL, 13819, 31, 1, 28.48, '2026-06-23 12:10:24', '2026-06-23 12:10:24', 3513),
(59066, NULL, 13819, 3, 4, 2.88, '2026-06-23 12:10:24', '2026-06-23 12:10:24', 3513),
(59067, NULL, 13819, 7, 2, 1.89, '2026-06-23 12:10:24', '2026-06-23 12:10:24', 3513),
(59068, NULL, 13819, 14, 6, 0.72, '2026-06-23 12:10:24', '2026-06-23 12:10:24', 3513),
(59069, NULL, 13820, 2, 1, 4.80, '2026-06-23 12:14:03', '2026-06-23 12:14:03', 3518),
(59070, NULL, 13820, 39, 1, 14.98, '2026-06-23 12:14:03', '2026-06-23 12:14:03', 3518),
(59071, NULL, 13820, 3, 4, 2.88, '2026-06-23 12:14:03', '2026-06-23 12:14:03', 3518),
(59072, NULL, 13820, 7, 2, 1.89, '2026-06-23 12:14:03', '2026-06-23 12:14:03', 3518),
(59073, NULL, 13820, 56, 1, 8.48, '2026-06-23 12:14:03', '2026-06-23 12:14:03', 3518),
(59074, NULL, 13821, 2, 1, 4.80, '2026-06-23 13:21:16', '2026-06-23 13:21:16', 3509),
(59075, NULL, 13821, 39, 1, 14.98, '2026-06-23 13:21:16', '2026-06-23 13:21:16', 3509),
(59076, NULL, 13821, 3, 4, 2.88, '2026-06-23 13:21:16', '2026-06-23 13:21:16', 3509),
(59077, NULL, 13821, 7, 2, 1.89, '2026-06-23 13:21:16', '2026-06-23 13:21:16', 3509),
(59078, NULL, 13821, 56, 1, 8.48, '2026-06-23 13:21:16', '2026-06-23 13:21:16', 3509),
(59079, NULL, 13821, 14, 6, 0.72, '2026-06-23 13:21:16', '2026-06-23 13:21:16', 3509),
(59080, NULL, 13822, 2, 1, 4.80, '2026-06-23 13:26:18', '2026-06-23 13:26:18', 3505),
(59081, NULL, 13822, 39, 1, 14.98, '2026-06-23 13:26:18', '2026-06-23 13:26:18', 3505);
INSERT INTO `pallet_truck_service_parts` (`id`, `deleted_at`, `pallet_truck_service_id`, `part_id`, `quantity`, `unit_price`, `created_at`, `updated_at`, `pallet_truck_id`) VALUES
(59082, NULL, 13822, 3, 1, 2.88, '2026-06-23 13:26:18', '2026-06-23 13:26:18', 3505),
(59083, NULL, 13822, 7, 4, 1.89, '2026-06-23 13:26:18', '2026-06-23 13:26:18', 3505),
(59084, NULL, 13822, 56, 1, 8.48, '2026-06-23 13:26:18', '2026-06-23 13:26:18', 3505),
(59085, NULL, 13822, 14, 6, 0.72, '2026-06-23 13:26:18', '2026-06-23 13:26:18', 3505),
(59086, NULL, 13823, 2, 1, 4.80, '2026-06-23 13:30:26', '2026-06-23 13:30:26', 3504),
(59087, NULL, 13823, 39, 1, 14.98, '2026-06-23 13:30:26', '2026-06-23 13:30:26', 3504),
(59088, NULL, 13823, 3, 4, 2.88, '2026-06-23 13:30:26', '2026-06-23 13:30:26', 3504),
(59089, NULL, 13823, 7, 2, 1.89, '2026-06-23 13:30:26', '2026-06-23 13:30:26', 3504),
(59090, NULL, 13823, 56, 1, 8.48, '2026-06-23 13:30:26', '2026-06-23 13:30:26', 3504),
(59091, NULL, 13823, 14, 6, 0.72, '2026-06-23 13:30:26', '2026-06-23 13:30:26', 3504),
(59092, NULL, 13824, 2, 1, 4.80, '2026-06-23 13:36:17', '2026-06-23 13:36:17', 6807),
(59093, NULL, 13824, 39, 1, 14.98, '2026-06-23 13:36:17', '2026-06-23 13:36:17', 6807),
(59094, NULL, 13824, 3, 8, 2.88, '2026-06-23 13:36:17', '2026-06-23 13:36:17', 6807),
(59095, NULL, 13824, 7, 2, 1.89, '2026-06-23 13:36:17', '2026-06-23 13:36:17', 6807),
(59096, NULL, 13824, 14, 8, 0.72, '2026-06-23 13:36:17', '2026-06-23 13:36:17', 6807),
(59097, NULL, 13825, 2, 1, 4.80, '2026-06-23 13:41:40', '2026-06-23 13:41:40', 4953),
(59098, NULL, 13825, 39, 1, 14.98, '2026-06-23 13:41:40', '2026-06-23 13:41:40', 4953),
(59099, NULL, 13825, 3, 4, 2.88, '2026-06-23 13:41:40', '2026-06-23 13:41:40', 4953),
(59100, NULL, 13825, 7, 2, 1.89, '2026-06-23 13:41:40', '2026-06-23 13:41:40', 4953),
(59101, NULL, 13825, 56, 1, 8.48, '2026-06-23 13:41:40', '2026-06-23 13:41:40', 4953),
(59102, NULL, 13825, 14, 6, 0.72, '2026-06-23 13:41:40', '2026-06-23 13:41:40', 4953),
(59103, NULL, 13826, 2, 1, 4.80, '2026-06-23 13:50:39', '2026-06-23 13:50:39', 3511),
(59104, NULL, 13826, 39, 1, 14.98, '2026-06-23 13:50:39', '2026-06-23 13:50:39', 3511),
(59105, NULL, 13826, 12, 2, 14.86, '2026-06-23 13:50:39', '2026-06-23 13:50:39', 3511),
(59106, NULL, 13826, 13, 2, 9.58, '2026-06-23 13:50:39', '2026-06-23 13:50:39', 3511),
(59107, NULL, 13826, 3, 4, 2.88, '2026-06-23 13:50:39', '2026-06-23 13:50:39', 3511),
(59108, NULL, 13826, 14, 8, 0.72, '2026-06-23 13:50:39', '2026-06-23 13:50:39', 3511),
(59109, NULL, 13827, 2, 1, 4.80, '2026-06-23 13:54:56', '2026-06-23 13:54:56', 3502),
(59110, NULL, 13827, 39, 1, 14.98, '2026-06-23 13:54:56', '2026-06-23 13:54:56', 3502),
(59111, NULL, 13827, 3, 4, 2.88, '2026-06-23 13:54:56', '2026-06-23 13:54:56', 3502),
(59112, NULL, 13827, 7, 2, 1.89, '2026-06-23 13:54:56', '2026-06-23 13:54:56', 3502),
(59113, NULL, 13827, 14, 6, 0.72, '2026-06-23 13:54:56', '2026-06-23 13:54:56', 3502),
(59114, NULL, 13828, 2, 1, 4.80, '2026-06-23 14:00:03', '2026-06-23 14:00:03', 3508),
(59115, NULL, 13828, 39, 1, 14.98, '2026-06-23 14:00:03', '2026-06-23 14:00:03', 3508),
(59116, NULL, 13828, 3, 8, 2.88, '2026-06-23 14:00:03', '2026-06-23 14:00:03', 3508),
(59117, NULL, 13828, 7, 2, 1.89, '2026-06-23 14:00:03', '2026-06-23 14:00:03', 3508),
(59118, NULL, 13828, 14, 10, 0.72, '2026-06-23 14:00:03', '2026-06-23 14:00:03', 3508),
(59119, NULL, 13830, 2, 1, 4.80, '2026-06-23 14:01:26', '2026-06-23 14:01:26', 3510),
(59120, NULL, 13830, 39, 1, 14.98, '2026-06-23 14:01:26', '2026-06-23 14:01:26', 3510),
(59121, NULL, 13830, 3, 4, 2.88, '2026-06-23 14:01:26', '2026-06-23 14:01:26', 3510),
(59122, NULL, 13830, 7, 2, 1.89, '2026-06-23 14:01:26', '2026-06-23 14:01:26', 3510),
(59123, NULL, 13830, 56, 1, 8.48, '2026-06-23 14:01:26', '2026-06-23 14:01:26', 3510),
(59124, NULL, 13830, 14, 6, 0.72, '2026-06-23 14:01:26', '2026-06-23 14:01:26', 3510);

-- --------------------------------------------------------

--
-- Table structure for table `parts`
--

CREATE TABLE `parts` (
  `id` bigint(20) UNSIGNED NOT NULL,
  `deleted_at` timestamp NULL DEFAULT NULL,
  `part_name` varchar(255) NOT NULL,
  `part_number` varchar(255) NOT NULL,
  `description` varchar(255) DEFAULT NULL,
  `price` decimal(9,2) NOT NULL,
  `created_at` timestamp NULL DEFAULT NULL,
  `updated_at` timestamp NULL DEFAULT NULL
) ENGINE=InnoDB DEFAULT CHARSET=utf8mb4 COLLATE=utf8mb4_unicode_ci;

--
-- Dumping data for table `parts`
--

INSERT INTO `parts` (`id`, `deleted_at`, `part_name`, `part_number`, `description`, `price`, `created_at`, `updated_at`) VALUES
(1, NULL, 'Hourly Rate', 'HPTLC001', 'The Hourly Rate', 58.80, '2023-08-12 07:36:29', '2026-04-01 08:12:40'),
(2, NULL, 'Consumables', 'Service Consumables', 'Consumables', 4.80, '2023-08-12 07:36:29', '2026-04-01 08:14:04'),
(3, NULL, '62042RS', '62042RS', '6204 (Bearings)', 2.88, '2023-08-12 07:36:29', '2026-04-01 08:05:10'),
(4, NULL, 'AC114 (Trigger Spring)', 'AC114', 'Trigger Spring', 4.98, '2023-08-12 07:36:29', '2024-03-13 16:02:34'),
(5, NULL, 'AC112 (Spring Pin)', 'AC112', 'Spring Pin', 1.18, '2023-08-12 07:36:29', '2026-04-01 08:07:13'),
(6, NULL, 'AC115 (Spring Pin)', 'AC115', 'Spring Pin', 1.29, '2023-08-12 07:36:29', '2026-04-01 08:06:43'),
(7, NULL, 'AC230 (Spring Pin)', 'AC230', 'Spring Pin', 1.89, '2023-08-12 07:36:29', '2026-04-01 08:05:30'),
(8, NULL, 'AC307 (circlip)', 'AC307', 'Circlip', 1.28, '2023-08-12 07:36:29', '2025-01-14 15:08:21'),
(9, NULL, 'Chain Rod Assembly', 'AC501', 'Chain Rod Assembly', 26.94, '2023-08-12 07:36:29', '2026-04-01 08:10:50'),
(10, NULL, 'DF-CBG Pump Spring', 'D103', 'DF-CBG Pump Spring', 12.96, '2023-08-12 07:36:29', '2024-01-03 15:35:27'),
(11, NULL, 'AC Pump Unit Spring', 'AC302', 'Pump Unit Spring', 16.44, '2023-08-12 07:36:29', '2026-04-01 08:08:43'),
(12, NULL, '80x93 Nylon Load Roller', 'AC234N', 'AC 80x93 Nylon Load Roller', 14.86, '2023-08-12 07:36:29', '2024-04-18 16:53:11'),
(13, NULL, 'Load Roller Axle', 'AC235', 'AC Single Load Roller Axle', 9.58, '2023-08-12 07:36:29', '2026-04-01 08:09:45'),
(14, NULL, 'Nylon Washer', 'AC225', 'AC Nylon Washer', 0.72, '2023-08-12 07:36:29', '2026-04-01 08:05:52'),
(15, '2024-03-26 11:30:05', 'Chain Rod Retaining Spring', 'AC505', 'AC Chain Rod Retaining Spring', 5.88, '2023-08-12 07:36:29', '2024-03-26 11:30:05'),
(16, NULL, 'AC Rear Pump Spring Plate', 'AC301', 'AC Rear Pump Spring Plate', 2.88, '2023-08-12 07:36:29', '2024-01-03 15:44:18'),
(17, NULL, 'Adjuster Screw', 'AC318', 'AC Adjuster Screw', 0.92, '2023-08-12 07:36:29', '2024-01-03 15:50:49'),
(18, NULL, 'Adjuster Nut', 'AC317', 'AC Adjuster Nut', 0.99, '2023-08-12 07:36:29', '2024-01-03 15:52:54'),
(19, NULL, 'Load Roller Carrier', 'AC222', 'AC Load Roller Carrier', 24.87, '2023-08-12 07:36:29', '2024-01-03 15:55:20'),
(20, NULL, 'Handle to Pump Unit Shaft Bushes x2', 'AC107', 'AC Handle Bush', 3.78, '2023-08-12 07:36:29', '2024-01-03 15:59:46'),
(21, NULL, 'Pallet Truck Rubber/ALU Steer Wheel', 'AC310RUB/ALU', '200-50 Pallet Truck Rubber/ALU Steer Wheel', 26.26, '2023-08-12 07:36:29', '2024-01-03 16:04:49'),
(22, NULL, 'Nylon Steer Wheel', 'AC310NY', '200-50 Pallet Truck Nylon Steer Wheel', 28.80, '2023-08-12 07:36:29', '2024-01-03 16:01:48'),
(23, NULL, 'AC Tandem Load Roller Axel', 'AC223D', 'AC Tandem Load Roller Axel', 6.89, '2023-08-12 07:36:29', '2024-01-03 16:07:37'),
(24, NULL, 'AC Pallet Truck Handle Only', 'AC110', 'AC110 Pallet Truck Handle Only', 43.89, '2023-08-12 07:36:29', '2024-01-03 16:09:08'),
(25, NULL, 'Frame to Pump Unit Screw', 'AC202', 'AC Frame to Pump Unit Screw', 1.29, '2023-08-12 07:36:29', '2026-04-01 08:10:27'),
(26, NULL, 'AC New Pump Unit', 'AC504N', 'AC25 New Pump Unit', 138.60, '2023-08-12 07:36:29', '2024-01-03 16:11:54'),
(27, NULL, 'Main Piston Steel Ball', 'AC329', 'AC Main Piston Steel Ball', 6.86, '2023-08-12 07:36:29', '2024-01-03 16:13:19'),
(28, NULL, 'Trigger Blade', 'AC113', 'AC Trigger Blade', 1.40, '2023-08-12 07:36:29', '2024-01-03 16:14:18'),
(29, NULL, 'Complete Handle Assembly', 'DF503', 'DF Complete Handle Assembly', 86.40, '2023-08-12 07:36:29', '2024-07-16 14:53:20'),
(30, NULL, 'Push Rod', 'AC212', 'AC Push Rod', 42.28, '2023-08-12 07:36:29', '2024-01-03 16:18:46'),
(31, NULL, 'Pump Unit Valve', 'AC321', 'AC507 AC Pump Unit Release Valve', 28.48, '2023-08-12 07:36:29', '2026-04-01 08:06:26'),
(32, NULL, 'Carrier to Push Bar Shaft Large', 'AC221', 'AC Load Roller Carrier to Push Bar Shaft Large', 19.89, '2023-08-12 07:36:29', '2024-01-03 16:23:51'),
(33, NULL, 'AC Type A Handle Assembly', 'AC503', 'AC Complete Type A Handle Assembly', 86.40, '2023-08-12 07:36:29', '2024-07-16 14:52:22'),
(34, NULL, 'Entry Roller', 'AC232', 'AC Entry Roller', 4.98, '2023-08-12 07:36:29', '2024-01-03 16:25:47'),
(35, NULL, 'Brad', 'Brad', 'wew', 2323.00, '2024-01-21 22:56:23', '2024-01-21 22:57:17'),
(36, NULL, 'Special Part', 'SP1', 'None listed part. To be invoiced post approval', 0.00, '2024-02-06 09:07:11', '2024-02-06 09:07:11'),
(37, NULL, 'RTS', 'AC505', NULL, 6.49, '2024-03-05 09:50:59', '2025-12-03 13:51:29'),
(38, NULL, 'Pump seals', 'AC506', NULL, 21.79, '2024-03-05 09:51:37', '2026-04-01 08:07:33'),
(39, NULL, 'PALLET TRUCK SERVICE', 'HPTSERVICE', 'INSPECTION BEFORE SERVICE', 14.98, '2024-03-05 11:38:40', '2026-04-01 08:04:51'),
(40, NULL, 'NEW AC 540X1150 Pallet Truck Nylon Standard 2500Kg', 'HPT007AN', 'NEW AC 540X1150 Pallet Truck Nylon Standard 2500Kg', 238.00, '2024-03-11 11:25:25', '2026-04-01 08:10:07'),
(41, NULL, 'NEW AC 540X1150 Pallet Truck PU Standard 2500Kg', 'HPT007Ap', 'NEW AC 540X1150 Pallet Truck PU Standard 2500Kg', 239.00, '2024-03-11 11:28:40', '2026-04-01 08:10:59'),
(42, NULL, 'Trigger lever', 'AC500', 'Trigger lever', 12.86, '2024-03-25 12:37:24', '2024-04-23 11:16:55'),
(43, NULL, 'AC Tandem Load Roller Nylon', 'AC227', 'AC Tandem Load Roller Nylon', 10.58, '2024-04-09 11:37:37', '2024-04-09 11:37:37'),
(44, NULL, '540 X 800 PALLET TRUCK Nylon Wheels 2500kg', 'HPT002AN', '540 X 800 PALLET TRUCK Nylon Wheels 2500kg', 214.00, '2024-04-17 15:03:37', '2024-04-17 15:03:37'),
(45, NULL, '540 X 800 PALLET TRUCK PU Wheels 2500kg', 'HPT014', '540 x 800 HTA25, Capacity 2500kg, PU Steering Wheel 200x50, single PU load roller', 214.00, '2024-04-17 15:05:59', '2024-04-17 15:05:59'),
(46, NULL, 'AC Trigger', 'AC117', 'AC Trigger', 11.24, '2024-04-23 07:07:54', '2024-04-23 09:54:23'),
(47, NULL, 'Recon Pump Unit', 'AC504', 'Recon Pump Unit', 98.94, '2024-04-23 09:00:20', '2024-04-23 09:00:20'),
(48, NULL, 'Rear Seal Kit', 'AC508', 'Rear Seal Kit', 1.46, '2024-04-23 09:03:24', '2026-04-01 08:11:17'),
(49, '2024-04-23 10:59:09', 'Hand pallet truck Trigger Assembly AC502', 'AC502', 'Hand pallet truck Trigger Assembly AC502', 39.78, '2024-04-23 09:09:15', '2024-04-23 10:59:09'),
(50, NULL, 'AC Handle to Pump Unit Shaft Spring Pin', 'AC106', 'AC Handle to Pump Unit Shaft Spring Pin', 2.88, '2024-04-23 09:16:03', '2024-04-23 09:16:03'),
(51, NULL, 'AC Steer Wheel Washer', 'AC308', 'AC Steer Wheel Washer', 0.88, '2024-04-23 09:19:01', '2024-04-23 09:19:25'),
(52, NULL, 'DF Load Roller Shaft', 'D230', 'DF Load Roller Shaft', 6.38, '2024-04-23 09:21:41', '2024-04-23 09:21:41'),
(53, NULL, 'AC Pump Unit to Steer Wheel Shaft Spring Pin', 'AC311', 'AC Pump Unit to Steer Wheel Shaft Spring Pin', 2.96, '2024-04-23 09:24:42', '2024-04-23 09:24:42'),
(54, NULL, 'AC Trigger to Chain Rod Spring Pin 3x10', 'AC116', 'AC Trigger to Chain Rod Spring Pin 3x10', 1.50, '2024-04-23 09:28:18', '2024-04-23 09:28:18'),
(55, NULL, 'AC Trigger Spring Pin 2x15', 'AC119', 'AC Trigger Spring Pin 2x15', 0.88, '2024-04-23 09:33:47', '2024-04-23 09:33:47'),
(56, NULL, 'AC Pallet Truck Trigger Spring kit', 'AC509', 'AC Pallet Truck Trigger Spring kit', 8.48, '2024-04-23 11:11:26', '2026-04-01 08:06:09'),
(57, '2025-02-18 13:10:29', 'Pallet Truck Service Trade', 'MSAPTS002', 'Pallet Truck Service Trade', 20.00, '2024-05-30 15:48:44', '2025-02-18 13:10:29'),
(58, NULL, '6303 Bearing', '6303RS', 'Bearing', 3.28, '2024-07-17 14:29:50', '2026-04-01 08:11:31'),
(59, NULL, 'Call-Out Traveling Charge', 'TCHH', 'Call-Out Traveling Charge', 100.00, '2025-02-04 10:38:58', '2026-04-01 08:12:06'),
(60, NULL, 'Chassis 1140 X 540', 'ACCHASSIS1150540', '1140X540 NY WHEELS CHASSIS', 136.48, '2025-03-31 13:01:53', '2026-06-22 12:39:34'),
(61, NULL, 'HANDLE AND TRIGGER SET', 'ACCHASSISHTS', 'HANDLE AND TRIGGER SET', 82.65, '2025-03-31 13:03:29', '2026-06-22 12:46:30'),
(62, NULL, 'HANDLE AND TRIGGER SET', 'ACCHASSISHTS', 'HANDLE AND TRIGGER SET', 74.86, '2025-03-31 13:04:51', '2026-06-22 12:46:01'),
(63, NULL, 'WHEEL SET', 'ACCHASSISWSNY', 'WHEEL SET', 101.65, '2025-03-31 13:07:49', '2026-06-22 13:29:16'),
(64, NULL, 'WHEEL SET PU', 'ACCHASSISWSPU', 'WHEEL SET', 165.48, '2025-03-31 13:10:56', '2026-06-22 13:30:20'),
(65, NULL, 'Valve lever arm', 'Ac319', 'Lever for valve', 15.00, '2026-02-02 15:07:10', '2026-03-25 14:05:10'),
(66, NULL, 'Labour Charge Part Hour', 'LCPH', 'Labour Charge Part Hour', 33.80, '2026-04-01 08:36:51', '2026-04-01 08:36:51');

-- --------------------------------------------------------

--
-- Table structure for table `password_resets`
--

CREATE TABLE `password_resets` (
  `email` varchar(255) NOT NULL,
  `token` varchar(255) NOT NULL,
  `created_at` timestamp NULL DEFAULT NULL
) ENGINE=InnoDB DEFAULT CHARSET=utf8mb4 COLLATE=utf8mb4_unicode_ci;

-- --------------------------------------------------------

--
-- Table structure for table `permissions`
--

CREATE TABLE `permissions` (
  `id` bigint(20) UNSIGNED NOT NULL,
  `created_at` timestamp NULL DEFAULT NULL,
  `updated_at` timestamp NULL DEFAULT NULL,
  `name` varchar(100) DEFAULT NULL,
  `slug` varchar(255) NOT NULL
) ENGINE=InnoDB DEFAULT CHARSET=utf8mb4 COLLATE=utf8mb4_unicode_ci;

--
-- Dumping data for table `permissions`
--

INSERT INTO `permissions` (`id`, `created_at`, `updated_at`, `name`, `slug`) VALUES
(1, '2023-08-12 07:36:29', '2023-08-12 07:36:29', 'View Customer', 'view-customer'),
(2, '2023-08-12 07:36:29', '2023-08-12 07:36:29', 'Edit Customer', 'edit-customer'),
(3, '2023-08-12 07:36:29', '2023-08-12 07:36:29', 'Delete Customer', 'delete-customer'),
(4, '2023-08-12 07:36:29', '2023-08-12 07:36:29', 'View service', 'view-service'),
(5, '2023-08-12 07:36:29', '2023-08-12 07:36:29', 'Edit Service', 'edit-service'),
(6, '2023-08-12 07:36:29', '2023-08-12 07:36:29', 'Approve Service', 'approve-service'),
(7, '2023-08-12 07:36:29', '2023-08-12 07:36:29', 'Delete Service', 'delete-service'),
(8, '2023-08-12 07:36:29', '2023-08-12 07:36:29', 'View part', 'view-part'),
(9, '2023-08-12 07:36:29', '2023-08-12 07:36:29', 'Edit Part', 'edit-part'),
(10, '2023-08-12 07:36:29', '2023-08-12 07:36:29', 'Delete Part', 'delete-part'),
(11, '2023-08-12 07:36:29', '2023-08-12 07:36:29', 'Edit Pallet Truck', 'edit-pallet-truck'),
(12, '2023-08-12 07:36:29', '2023-08-12 07:36:29', 'Delete Pallet Truck', 'delete-pallet-truck'),
(13, '2023-08-12 07:36:29', '2023-08-12 07:36:29', 'Edit Role', 'edit-role'),
(14, '2023-08-12 07:36:29', '2023-08-12 07:36:29', 'Delete Role', 'delete-role'),
(15, '2023-08-12 07:36:29', '2023-08-12 07:36:29', 'Edit Group', 'edit-group'),
(16, '2023-08-12 07:36:29', '2023-08-12 07:36:29', 'Delete Group', 'delete-group'),
(17, NULL, NULL, 'Export Services', 'export-services');

-- --------------------------------------------------------

--
-- Table structure for table `personal_access_tokens`
--

CREATE TABLE `personal_access_tokens` (
  `id` bigint(20) UNSIGNED NOT NULL,
  `tokenable_type` varchar(255) NOT NULL,
  `tokenable_id` bigint(20) UNSIGNED NOT NULL,
  `name` varchar(255) NOT NULL,
  `token` varchar(64) NOT NULL,
  `abilities` text DEFAULT NULL,
  `last_used_at` timestamp NULL DEFAULT NULL,
  `expires_at` timestamp NULL DEFAULT NULL,
  `created_at` timestamp NULL DEFAULT NULL,
  `updated_at` timestamp NULL DEFAULT NULL
) ENGINE=InnoDB DEFAULT CHARSET=utf8mb4 COLLATE=utf8mb4_unicode_ci;

-- --------------------------------------------------------

--
-- Table structure for table `roles`
--

CREATE TABLE `roles` (
  `id` bigint(20) UNSIGNED NOT NULL,
  `created_at` timestamp NULL DEFAULT NULL,
  `updated_at` timestamp NULL DEFAULT NULL,
  `name` varchar(100) DEFAULT NULL,
  `description` varchar(255) DEFAULT NULL
) ENGINE=InnoDB DEFAULT CHARSET=utf8mb4 COLLATE=utf8mb4_unicode_ci;

--
-- Dumping data for table `roles`
--

INSERT INTO `roles` (`id`, `created_at`, `updated_at`, `name`, `description`) VALUES
(1, '2023-08-12 07:36:29', '2023-08-12 07:36:29', 'Admin', NULL),
(2, '2023-08-12 07:36:29', '2023-08-12 07:36:29', 'Technician', NULL),
(3, '2023-08-12 07:36:29', '2023-08-12 07:36:29', 'Customer', NULL);

-- --------------------------------------------------------

--
-- Table structure for table `role_permissions`
--

CREATE TABLE `role_permissions` (
  `id` bigint(20) UNSIGNED NOT NULL,
  `created_at` timestamp NULL DEFAULT NULL,
  `updated_at` timestamp NULL DEFAULT NULL,
  `role_id` bigint(20) UNSIGNED DEFAULT NULL,
  `permission_id` bigint(20) UNSIGNED DEFAULT NULL
) ENGINE=InnoDB DEFAULT CHARSET=utf8mb4 COLLATE=utf8mb4_unicode_ci;

--
-- Dumping data for table `role_permissions`
--

INSERT INTO `role_permissions` (`id`, `created_at`, `updated_at`, `role_id`, `permission_id`) VALUES
(1, '2023-08-12 07:36:29', '2023-08-12 07:36:29', 1, 1),
(2, '2023-08-12 07:36:29', '2023-08-12 07:36:29', 2, 1),
(3, '2023-08-12 07:36:29', '2023-08-12 07:36:29', 3, 1),
(4, '2023-08-12 07:36:29', '2023-08-12 07:36:29', 1, 2),
(6, '2023-08-12 07:36:29', '2023-08-12 07:36:29', 3, 2),
(7, '2023-08-12 07:36:29', '2023-08-12 07:36:29', 1, 3),
(9, '2023-08-12 07:36:29', '2023-08-12 07:36:29', 3, 3),
(10, '2023-08-12 07:36:29', '2023-08-12 07:36:29', 1, 4),
(11, '2023-08-12 07:36:29', '2023-08-12 07:36:29', 2, 4),
(12, '2023-08-12 07:36:29', '2023-08-12 07:36:29', 3, 4),
(13, '2023-08-12 07:36:29', '2023-08-12 07:36:29', 1, 5),
(14, '2023-08-12 07:36:29', '2023-08-12 07:36:29', 2, 5),
(15, '2023-08-12 07:36:29', '2023-08-12 07:36:29', 1, 6),
(16, '2023-08-12 07:36:29', '2023-08-12 07:36:29', 2, 6),
(17, '2023-08-12 07:36:29', '2023-08-12 07:36:29', 3, 6),
(18, '2023-08-12 07:36:29', '2023-08-12 07:36:29', 1, 7),
(20, '2023-08-12 07:36:29', '2023-08-12 07:36:29', 1, 8),
(21, '2023-08-12 07:36:29', '2023-08-12 07:36:29', 2, 8),
(22, '2023-08-12 07:36:29', '2023-08-12 07:36:29', 3, 8),
(23, '2023-08-12 07:36:29', '2023-08-12 07:36:29', 1, 9),
(25, '2023-08-12 07:36:29', '2023-08-12 07:36:29', 1, 10),
(27, '2023-08-12 07:36:29', '2023-08-12 07:36:29', 1, 11),
(28, '2023-08-12 07:36:29', '2023-08-12 07:36:29', 2, 11),
(29, '2023-08-12 07:36:29', '2023-08-12 07:36:29', 1, 12),
(31, '2023-08-12 07:36:29', '2023-08-12 07:36:29', 1, 13),
(33, '2023-08-12 07:36:29', '2023-08-12 07:36:29', 1, 14),
(35, '2023-08-12 07:36:29', '2023-08-12 07:36:29', 1, 15),
(37, '2023-08-12 07:36:29', '2023-08-12 07:36:29', 1, 16),
(39, NULL, NULL, 2, 9),
(40, NULL, NULL, 2, 2),
(41, NULL, NULL, 1, 17);

-- --------------------------------------------------------

--
-- Table structure for table `service_sheets`
--

CREATE TABLE `service_sheets` (
  `id` bigint(20) UNSIGNED NOT NULL,
  `deleted_at` timestamp NULL DEFAULT NULL,
  `created_at` timestamp NULL DEFAULT NULL,
  `updated_at` timestamp NULL DEFAULT NULL,
  `created_by` bigint(20) UNSIGNED DEFAULT NULL,
  `updated_by` bigint(20) UNSIGNED DEFAULT NULL,
  `purchase_order_number` varchar(255) DEFAULT NULL,
  `service_date` date DEFAULT NULL,
  `approval_date` date DEFAULT NULL,
  `approved_by` varchar(255) DEFAULT NULL,
  `signature` text DEFAULT NULL,
  `status` varchar(255) DEFAULT NULL,
  `start_time` time DEFAULT NULL,
  `end_time` time DEFAULT NULL,
  `hours` int(10) UNSIGNED NOT NULL DEFAULT 0,
  `labour_price` decimal(8,2) DEFAULT 0.00,
  `truck_price` decimal(8,2) DEFAULT 0.00,
  `parts_price` decimal(8,2) DEFAULT 0.00,
  `total_price` decimal(8,2) DEFAULT 0.00,
  `vat` decimal(8,2) DEFAULT 0.00,
  `customer_id` bigint(20) UNSIGNED NOT NULL,
  `user_id` bigint(20) DEFAULT NULL
) ENGINE=InnoDB DEFAULT CHARSET=utf8mb4 COLLATE=utf8mb4_unicode_ci;

--
-- Dumping data for table `service_sheets`
--

INSERT INTO `service_sheets` (`id`, `deleted_at`, `created_at`, `updated_at`, `created_by`, `updated_by`, `purchase_order_number`, `service_date`, `approval_date`, `approved_by`, `signature`, `status`, `start_time`, `end_time`, `hours`, `labour_price`, `truck_price`, `parts_price`, `total_price`, `vat`, `customer_id`, `user_id`) VALUES
(3, '2023-08-25 12:21:23', '2023-08-25 12:21:23', '2023-08-25 12:21:23', NULL, 1, '0', '2023-08-25', NULL, NULL, NULL, 'approval_required', '13:14:00', '15:14:00', 0, 0.00, 0.00, 73.44, 88.13, 14.69, 183, NULL),
(4, '2023-08-25 11:17:50', '2023-08-25 11:17:50', '2023-08-25 11:17:50', 1, 1, NULL, '2023-08-25', NULL, NULL, NULL, 'new', NULL, NULL, 0, 0.00, 0.00, 0.00, 0.00, 0.00, 183, NULL),
(5, '2023-08-25 12:21:21', '2023-08-25 12:21:21', '2023-08-25 12:21:21', 1, 1, NULL, '2023-08-25', NULL, NULL, NULL, 'new', NULL, NULL, 0, 0.00, 0.00, 0.00, 0.00, 0.00, 183, NULL),
(6, '2023-08-25 12:28:03', '2023-08-25 12:28:03', '2023-08-25 12:28:03', 1, 1, NULL, '2023-08-25', NULL, NULL, NULL, 'new', NULL, NULL, 0, 0.00, 0.00, 0.00, 0.00, 0.00, 183, NULL),
(7, '2023-08-25 12:25:45', '2023-08-25 12:25:45', '2023-08-25 12:25:45', 1, 1, NULL, '2023-08-25', NULL, NULL, NULL, 'new', NULL, NULL, 0, 0.00, 0.00, 0.00, 0.00, 0.00, 183, NULL),
(8, '2024-01-03 09:46:43', '2024-01-03 09:46:43', '2024-01-03 09:46:43', 1, 1, NULL, '2023-08-25', NULL, NULL, NULL, 'new', NULL, NULL, 0, 0.00, 0.00, 0.00, 0.00, 0.00, 183, NULL),
(9, NULL, '2024-01-01 20:19:48', '2025-02-28 10:06:27', NULL, 39, NULL, '2024-01-01', '2025-02-28', 'Karl Williams', 'data:image/png;base64,[encoded data, 4632 characters]', 'complete', '08:22:00', '10:00:00', 2, 88.00, 0.00, 437.02, 630.02, 105.00, 361, NULL),
(10, '2024-01-02 17:18:41', '2024-01-02 17:18:41', '2024-01-02 17:18:41', NULL, NULL, NULL, '2024-01-02', NULL, NULL, NULL, 'new', NULL, NULL, 0, 0.00, 0.00, 0.00, 0.00, 0.00, 376, NULL),
(11, NULL, '2024-01-02 17:24:06', '2025-02-17 17:54:52', NULL, 39, NULL, '2024-01-02', '2025-02-17', 'Aidan white', 'data:image/png;base64,iVBORw0KGgoAAAANSUhEUgAAAZAAAADICAYAAADGFbfiAAAAAXNSR0IArs4c6QAACm1JREFUeF7t3UGqJfUdBeCfgWBiBkFwAZEMAyGBxIkoyTgjV+EgE11ByArMwI1kBSqEQNCZkJGgGwjpiUZBEi15No1tmu6+t+75n6qvJyL0rXv+3yk9dN33Xj8zfhEgQOAygd/dvfxPD1zmzzPz7mWX9erVBZ5ZPaB8BAgsK7ANxzYa2z+3sTAay1a1TzADso+rqxI4qoDROGqzT3EuA/IUaF5C4GQC347Gt8f2J42T3QD/77gGxI1AgMD3CXz3c4337h5T+VzD/XJfwIC4GQgQeFDAIyr3w2MLGJDHpvIbCRxWwGgcttp9D2ZA9vV1dQKrChiNVZspymVAisoSlcCVBD6emU/uvux2u6TPNa4Ee7bLGJCzNe68Zxd4Y2be+no8/Ld/9jvhCud3E10B0SUIFAm8c5f190WZRV1UwIAsWoxYBHYS+N/MvDkzf9np+i57IgEDcqKyHfX0Atvjq+1Hjzx/egkAVxEwIFdhdBECFQIeX1XU1BPSgPR0JSmBSwW2x1f+m79U0evvC7iZ3AwEziGw/enjVx5fnaPsW53SgNxK2vsQyAp4fJX1P+S7G5BD1upQBB4S8PjKTXF1AQNydVIXJLCcgMdXy1VyjEAG5Bg9OgWBRwl4fOX+2EXAgOzC6qIElhLw+GqpOo4TxoAcp0snIfB9Av704b7YTcCA7EbrwgSWENh+8u69mfn1EmmEOJSAATlUnQ5D4CEBj6/cFLsJGJDdaF2YQFzg7Zn5o+8+j/dw2AAG5LDVOhiB2R5fbb9eZEFgDwEDsoeqaxJYQ8CArNHDYVMYkMNW62AExucfboJdBQzIrrwuTiAmsH3+8frM/DCWwBsfXsCAHL5iBzypwL/vzu0vjzrpDXCLYxuQWyh7DwK3F/jv19/78deZee32b+0dzyJgQM7StHOeTcDnH2drPHBeAxJA95YEdhbYHl/9dGZ+sPP7uPzJBQzIyW8Axz+kgM8/DlnreocyIOt1IhGBSwW2x1d/n5mXL72Q1xN4lIABcX8QOJbAszPz+cz8cmY+PNbRnGY1AQOyWiPyELhM4Gcz3/wIkxdm5l+XXcqrCTxawIC4QwgcS+C9mXnVD1A8VqmrnsaArNqMXASeTuAfM/OSAXk6PK96MgED8mRefjeB1QU+u/vy3R+tHlS+fgED0t+hExB4UOA/d//yYywE9hYwIHsLuz6B2wp8MTNfzsxPbvu23u2MAgbkjK0785EFtu8B+dvMvHLkQzrbGgIGZI0epCBwDYHnZubTmfnFzPzzGhd0DQKPEjAg7g8CxxH4+cx8NDPbj3C/d5xjOcmqAgZk1WbkIvDkAr4H5MnNvOICAQNyAZ6XElhM4P2Z+Y3vAVmslQPHMSAHLtfRTifge0BOV3n2wAYk6+/dCVxTYPshitvfRLh9mO4Xgd0FDMjuxN6AwM0Eti/h/WBmfnuzd/RGpxYwIKeu3+EPJrB9Ce8fZubdg53LcRYVMCCLFiMWAQIEVhcwIKs3JB8BAgQWFTAgixYjFgECBFYXMCCrNyQfAQIEFhUwIIsWIxYBAgRWFzAgqzckHwECBBYVMCCLFiMWAQIEVhcwIKs3JB8BAgQWFTAgixYjFgECBFYXMCCrNyQfAQIEFhUwIIsWIxYBAgRWFzAgqzckHwECBBYVMCCLFiMWAQJnENj+F7z9EOXOXwakszepCRAgEBcwIPEKBCBAgECngAHp7E1qAgQIxAUMSLwCAQgQINApYEA6e5OaAAECcQEDEq9AAAIECHQKGJDO3qQmQIBAXMCAxCsQgAABAp0CBqSzN6kJECAQFzAg8QoEIECAQKeAAensTWoCBAjEBQxIvAIBCBAg0ClgQDp7k5oAAQJxAQMSr0AAAgQIdAoYkM7epCZAgEBcwIDEKxCAAAECnQIGpLM3qQkQIBAXMCDxCgQgQIBAp4AB6exNagIECMQFDEi8AgEIECDQKWBAOnuTmgABAnEBAxKvQAACBAh0ChiQzt6kJkCAQFzAgMQrEIAAAQKdAgakszepCRAgEBcwIPEKBCBAgECngAHp7E1qAgQIxAUMSLwCAQgQINApYEA6e5OaAAECcQEDEq9AAAIECHQKGJDO3qQmQIBAXMCAxCsQgAABAp0CBqSzN6kJECAQFzAg8QoEIECAQKeAAensTWoCBAjEBQxIvAIBCBAg0ClgQDp7k5oAAQJxAQMSr0AAAgQIdAoYkM7epCZAgEBcwIDEKxCAAAECnQIGpLM3qQkQIBAXMCDxCgQgQIBAp4AB6exNagIECMQFDEi8AgEIECDQKWBAOnuTmgABAnEBAxKvQAACBAh0ChiQzt6kJkCAQFzAgMQrEIAAAQKdAgakszepCRAgEBcwIPEKBCBAgECngAHp7E1qAgQIxAUMSLwCAQgQINApYEA6e5OaAAECcQEDEq9AAAIECHQKGJDO3qQmQIBAXMCAxCsQgAABAp0CBqSzN6kJECAQFzAg8QoEIECAQKeAAensTWoCBAjEBQxIvAIBCBAg0ClgQDp7k5oAAQJxAQMSr0AAAgQIdAoYkM7epCZAgEBcwIDEKxCAAAECnQIGpLM3qQkQIBAXMCDxCgQgQIBAp4AB6exNagIECMQFDEi8AgEIECDQKWBAOnuTmgABAnEBAxKvQAACBAh0ChiQzt6kJkCAQFzAgMQrEIAAAQKdAgakszepCRAgEBcwIPEKBCBAgECngAHp7E1qAgQIxAUMSLwCAQgQINApYEA6e5OaAAECcQEDEq9AAAIECHQKGJDO3qQmQIBAXMCAxCsQgAABAp0CBqSzN6kJECAQFzAg8QoEIECAQKeAAensTWoCBAjEBQxIvAIBCBAg0ClgQDp7k5oAAQJxAQMSr0AAAgQIdAoYkM7epCZAgEBcwIDEKxCAAAECnQIGpLM3qQkQIBAXMCDxCgQgQIBAp4AB6exNagIECMQFDEi8AgEIECDQKWBAOnuTmgABAnEBAxKvQAACBAh0ChiQzt6kJkCAQFzAgMQrEIAAAQKdAgakszepCRAgEBcwIPEKBCBAgECngAHp7E1qAgQIxAUMSLwCAQgQINApYEA6e5OaAAECcQEDEq9AAAIECHQKGJDO3qQmQIBAXMCAxCsQgAABAp0CBqSzN6kJECAQFzAg8QoEIECAQKeAAensTWoCBAjEBQxIvAIBCBAg0ClgQDp7k5oAAQJxAQMSr0AAAgQIdAoYkM7epCZAgEBcwIDEKxCAAAECnQIGpLM3qQkQIBAXMCDxCgQgQIBAp4AB6exNagIECMQFDEi8AgEIECDQKWBAOnuTmgABAnEBAxKvQAACBAh0ChiQzt6kJkCAQFzAgMQrEIAAAQKdAgakszepCRAgEBcwIPEKBCBAgECngAHp7E1qAgQIxAUMSLwCAQgQINApYEA6e5OaAAECcQEDEq9AAAIECHQKGJDO3qQmQIBAXMCAxCsQgAABAp0CBqSzN6kJECAQFzAg8QoEIECAQKeAAensTWoCBAjEBQxIvAIBCBAg0ClgQDp7k5oAAQJxAQMSr0AAAgQIdAoYkM7epCZAgEBcwIDEKxCAAAECnQJfAfqKUcnQssguAAAAAElFTkSuQmCC', 'complete', '15:27:00', '17:45:00', 3, 132.00, 0.00, 584.30, 859.56, 143.26, 376, NULL),
(12, '2024-01-15 21:17:41', '2024-01-15 21:17:41', '2024-01-15 21:17:41', 1, 1, '6', '2024-01-04', NULL, NULL, NULL, 'in_progress', '10:00:00', '17:00:00', 7, 264.00, 0.00, 2.04, 319.25, 53.21, 183, NULL),
(13, '2024-01-14 13:19:20', '2024-01-14 13:19:20', '2024-01-14 13:19:20', 1, 1, NULL, '2024-01-14', NULL, NULL, NULL, 'new', NULL, NULL, 0, 0.00, 0.00, 0.00, 0.00, 0.00, 183, NULL),
(14, '2024-01-14 13:19:22', '2024-01-14 13:19:22', '2024-01-14 13:19:22', 1, 1, NULL, '2024-01-14', NULL, NULL, NULL, 'new', NULL, NULL, 0, 0.00, 0.00, 0.00, 0.00, 0.00, 183, NULL),
(15, '2024-01-14 13:20:54', '2024-01-14 13:20:54', '2024-01-14 13:20:54', 1, 1, NULL, '2024-01-14', NULL, NULL, NULL, 'new', NULL, NULL, 0, 0.00, 0.00, 0.00, 0.00, 0.00, 183, NULL),
(16, '2024-01-15 21:17:43', '2024-01-15 21:17:43', '2024-01-15 21:17:43', 1, 1, NULL, '2024-01-14', NULL, NULL, NULL, 'new', NULL, NULL, 0, 0.00, 0.00, 0.00, 0.00, 0.00, 183, NULL),
(17, '2024-01-16 12:23:42', '2024-01-16 12:23:42', '2024-01-16 12:23:42', 1, 1, NULL, '2024-01-15', NULL, NULL, NULL, 'new', NULL, NULL, 0, 0.00, 0.00, 0.00, 0.00, 0.00, 183, NULL),
(18, '2024-01-21 20:55:32', '2024-01-21 20:55:32', '2024-01-21 20:55:32', 1, 1, NULL, '2024-01-21', NULL, NULL, NULL, 'new', NULL, NULL, 0, 0.00, 0.00, 0.00, 0.00, 0.00, 183, NULL),
(19, '2024-01-21 20:56:31', '2024-01-21 20:56:31', '2024-01-21 20:56:31', 1, 1, NULL, '2024-01-21', NULL, NULL, NULL, 'new', NULL, NULL, 0, 0.00, 0.00, 0.00, 0.00, 0.00, 183, NULL),
(20, NULL, '2024-03-07 09:02:55', '2024-03-07 09:02:55', 1, NULL, '1', '2024-01-21', '0066-05-05', 'ihiuhijh', 'data:image/png;base64,[encoded data, 14632 characters]', 'complete', '10:00:00', '15:00:00', 5, 220.00, 0.00, 39.12, 310.94, 51.82, 183, NULL),
(21, '2024-01-26 22:39:03', '2024-01-26 22:39:03', '2024-01-26 22:39:03', 1, 1, NULL, '2024-01-26', NULL, NULL, NULL, 'new', NULL, NULL, 0, 0.00, 0.00, 0.00, 0.00, 0.00, 183, NULL),
(22, '2024-01-28 22:07:15', '2024-01-28 22:07:15', '2024-01-28 22:07:15', 1, 1, NULL, '2024-01-26', NULL, NULL, NULL, 'new', NULL, NULL, 0, 0.00, 0.00, 0.00, 0.00, 0.00, 183, NULL),
(23, '2024-01-28 18:58:55', '2024-01-28 18:58:55', '2024-01-28 18:58:55', 1, 1, NULL, '2024-01-26', NULL, NULL, NULL, 'new', NULL, NULL, 0, 0.00, 0.00, 0.00, 0.00, 0.00, 183, NULL),
(24, NULL, '2024-06-18 11:18:14', '2024-06-18 11:18:14', 1, NULL, NULL, '2024-01-28', '2024-06-18', 'John', 'data:image/png;base64,[encoded data, 6140 characters]', 'complete', '10:46:00', '13:25:00', 3, 132.00, 0.00, 730.78, 1035.34, 172.56, 184, NULL),
(25, '2024-03-07 09:02:57', '2024-03-07 09:02:57', '2024-03-07 09:02:57', 1, 4, NULL, '2024-01-28', NULL, NULL, NULL, 'in_progress', '15:14:00', '19:00:00', 4, 132.00, 0.00, 0.00, 158.40, 26.40, 183, NULL),
(26, '2024-02-03 16:22:12', '2024-02-03 16:22:12', '2024-02-03 16:22:12', 4, 4, NULL, '2024-02-03', NULL, NULL, NULL, 'new', NULL, NULL, 0, 0.00, 0.00, 0.00, 0.00, 0.00, 183, NULL),
(27, '2025-02-20 10:32:42', '2024-02-05 13:54:04', '2025-02-20 10:32:42', NULL, NULL, '0', '2024-02-05', NULL, NULL, NULL, 'approval_required', '13:44:00', '04:44:00', 0, 0.00, 0.00, 25.29, 30.35, 5.06, 387, NULL),
(28, '2025-02-20 10:32:44', '2024-02-05 13:55:06', '2025-02-20 10:32:44', 4, 4, '0', '2024-02-05', NULL, NULL, NULL, 'complete', '13:44:00', '04:44:00', 0, 0.00, 0.00, 0.00, 0.00, 0.00, 387, NULL),
(29, '2024-03-07 09:03:08', '2024-03-07 09:03:08', '2024-03-07 09:03:08', 1, 1, NULL, '2024-02-05', NULL, NULL, NULL, 'complete', '14:06:00', '23:06:00', 9, 352.00, 0.00, 5.36, 428.83, 71.47, 183, NULL),
(30, NULL, '2024-02-06 08:57:26', '2024-02-06 08:57:26', NULL, NULL, NULL, '2024-02-06', '2024-01-30', 'mr smith', 'data:image/png;base64,[encoded data, 5980 characters]', 'complete', '09:00:00', '16:00:00', 7, 264.00, 0.00, 57.60, 385.92, 64.32, 185, NULL);
INSERT INTO `service_sheets` (`id`, `deleted_at`, `created_at`, `updated_at`, `created_by`, `updated_by`, `purchase_order_number`, `service_date`, `approval_date`, `approved_by`, `signature`, `status`, `start_time`, `end_time`, `hours`, `labour_price`, `truck_price`, `parts_price`, `total_price`, `vat`, `customer_id`, `user_id`) VALUES
(31, '2024-03-07 09:03:10', '2024-03-07 09:03:10', '2024-03-07 09:03:10', NULL, 1, NULL, '2024-02-06', '2024-12-12', 'wewe', 'data:image/png;base64,[encoded data, 9828 characters]', 'complete', '10:00:00', '18:00:00', 8, 308.00, 0.00, 52.52, 432.62, 72.10, 183, NULL),
(32, NULL, '2024-02-25 19:14:32', '2024-02-25 19:14:32', NULL, NULL, NULL, '2024-02-25', '2024-02-25', 'Gfghb', 'data:image/png;base64,[encoded data, 6340 characters]', 'complete', '19:13:00', '19:13:00', 0, 0.00, 0.00, 37.08, 44.50, 7.42, 290, NULL),
(33, NULL, '2024-02-26 14:59:06', '2024-02-26 14:59:06', NULL, NULL, NULL, '2024-02-26', '2024-02-26', 'Tit', 'data:image/png;base64,[encoded data, 6304 characters]', 'complete', '13:01:00', '14:58:00', 2, 44.00, 0.00, 109.90, 184.68, 30.78, 389, NULL),
(34, NULL, '2024-02-26 15:12:42', '2024-02-26 15:12:42', NULL, NULL, NULL, '2024-02-26', '2024-02-26', 'Dave', 'data:image/png;base64,[encoded data, 5048 characters]', 'complete', '15:11:00', '15:12:00', 1, 0.00, 0.00, 50.24, 60.29, 10.05, 389, NULL),
(35, NULL, '2024-02-26 15:13:13', '2024-02-26 15:13:13', NULL, NULL, NULL, '2024-02-26', NULL, NULL, NULL, 'new', NULL, NULL, 0, 0.00, 0.00, 0.00, 0.00, 0.00, 389, NULL),
(36, NULL, '2024-02-26 16:04:54', '2024-02-26 16:04:54', NULL, NULL, NULL, '2024-02-26', NULL, NULL, NULL, 'new', NULL, NULL, 0, 0.00, 0.00, 0.00, 0.00, 0.00, 389, NULL),
(37, NULL, '2024-03-01 00:10:36', '2024-03-01 00:10:36', NULL, NULL, NULL, '2024-03-01', NULL, NULL, NULL, 'new', NULL, NULL, 0, 0.00, 0.00, 0.00, 0.00, 0.00, 292, NULL),
(38, NULL, '2024-03-01 08:21:58', '2024-03-01 08:21:58', NULL, NULL, NULL, '2024-03-01', '2024-03-01', 'd head', 'data:image/png;base64,[encoded data, 13700 characters]', 'complete', '08:00:00', '10:33:00', 3, 88.00, 0.00, 288.04, 451.25, 75.21, 301, NULL),
(39, NULL, '2024-03-01 12:17:40', '2024-03-01 12:17:40', NULL, NULL, NULL, '2024-03-01', NULL, NULL, NULL, 'new', NULL, NULL, 0, 0.00, 0.00, 0.00, 0.00, 0.00, 291, NULL);
INSERT INTO `service_sheets` (`id`, `deleted_at`, `created_at`, `updated_at`, `created_by`, `updated_by`, `purchase_order_number`, `service_date`, `approval_date`, `approved_by`, `signature`, `status`, `start_time`, `end_time`, `hours`, `labour_price`, `truck_price`, `parts_price`, `total_price`, `vat`, `customer_id`, `user_id`) VALUES
(40, NULL, '2024-03-01 12:24:25', '2024-03-01 12:24:25', NULL, NULL, NULL, '2024-03-01', '2024-03-01', 'dh', 'data:image/png;base64,[encoded data, 14552 characters]', 'complete', '12:23:00', '15:26:00', 4, 132.00, 0.00, 14.48, 175.78, 29.30, 300, NULL),
(41, NULL, '2024-03-01 12:25:37', '2024-03-01 12:25:37', NULL, NULL, NULL, '2024-03-01', NULL, NULL, NULL, 'new', NULL, NULL, 0, 0.00, 0.00, 0.00, 0.00, 0.00, 303, NULL),
(42, NULL, '2024-03-01 13:38:52', '2024-03-01 13:38:52', NULL, NULL, NULL, '2024-03-01', NULL, NULL, NULL, 'new', NULL, NULL, 0, 0.00, 0.00, 0.00, 0.00, 0.00, 290, NULL),
(43, NULL, '2024-03-01 13:44:44', '2024-03-01 13:44:44', NULL, NULL, NULL, '2024-03-01', NULL, NULL, NULL, 'new', NULL, NULL, 0, 0.00, 0.00, 0.00, 0.00, 0.00, 303, NULL),
(44, NULL, '2024-03-01 13:47:07', '2024-03-01 13:47:07', NULL, NULL, NULL, '2024-03-01', NULL, NULL, NULL, 'new', NULL, NULL, 0, 0.00, 0.00, 0.00, 0.00, 0.00, 303, NULL),
(45, NULL, '2024-03-05 10:02:43', '2024-03-05 10:02:43', NULL, 8, 'HPTS032024', '2024-03-04', '2024-03-04', 'Keith', 'data:image/png;base64,[encoded data, 6396 characters]', 'complete', '14:00:00', '16:45:00', 3, 88.00, 0.00, 170.17, 309.80, 51.63, 517, NULL),
(46, NULL, '2024-03-05 11:27:21', '2024-03-05 11:27:21', NULL, 8, 'HPTS032024', '2024-03-05', '2024-03-05', 'Lewis', 'data:image/png;base64,[encoded data, 6888 characters]', 'complete', '07:30:00', '10:15:00', 3, 88.00, 0.00, 157.13, 294.16, 49.03, 452, NULL),
(47, NULL, '2024-03-05 13:04:22', '2024-03-05 13:04:22', NULL, NULL, NULL, '2024-03-05', '2024-03-05', 'Dale', 'data:image/png;base64,[encoded data, 6732 characters]', 'complete', '10:40:00', '13:15:00', 3, 88.00, 0.00, 198.16, 343.39, 57.23, 502, NULL),
(48, NULL, '2024-03-05 15:53:11', '2024-03-05 15:53:11', NULL, NULL, NULL, '2024-03-05', '2024-03-05', 'Michael', 'data:image/png;base64,[encoded data, 7884 characters]', 'complete', '13:32:00', '16:00:00', 3, 88.00, 0.00, 369.05, 548.46, 91.41, 453, NULL);
INSERT INTO `service_sheets` (`id`, `deleted_at`, `created_at`, `updated_at`, `created_by`, `updated_by`, `purchase_order_number`, `service_date`, `approval_date`, `approved_by`, `signature`, `status`, `start_time`, `end_time`, `hours`, `labour_price`, `truck_price`, `parts_price`, `total_price`, `vat`, `customer_id`, `user_id`) VALUES
(49, NULL, '2024-03-05 17:57:34', '2024-03-05 17:57:34', NULL, NULL, NULL, '2024-03-05', '2024-03-05', 'Joanne', 'data:image/png;base64,[encoded data, 8836 characters]', 'complete', '16:20:00', '18:05:00', 2, 44.00, 0.00, 223.34, 320.81, 53.47, 463, NULL),
(50, NULL, '2024-03-06 09:52:12', '2024-03-06 09:52:12', NULL, NULL, NULL, '2024-03-06', '2024-03-06', 'Danielle', 'data:image/png;base64,[encoded data, 5192 characters]', 'complete', '07:40:00', '10:00:00', 3, 132.00, 0.00, 212.39, 413.27, 68.88, 449, NULL),
(51, NULL, '2024-03-06 12:03:46', '2024-03-06 12:03:46', NULL, NULL, NULL, '2024-03-06', '2024-03-06', 'Stacey', 'data:image/png;base64,[encoded data, 6084 characters]', 'complete', '10:20:00', '12:25:00', 3, 132.00, 0.00, 182.52, 377.42, 62.90, 459, NULL),
(52, NULL, '2024-03-06 15:19:01', '2024-03-06 15:19:01', NULL, NULL, NULL, '2024-03-06', '2024-03-06', 'Levi Banks', 'data:image/png;base64,[encoded data, 7012 characters]', 'complete', '12:45:00', '15:25:00', 3, 132.00, 0.00, 351.07, 579.68, 96.61, 468, NULL),
(53, NULL, '2024-03-06 17:52:01', '2024-03-06 17:52:01', NULL, NULL, NULL, '2024-03-06', '2024-03-06', 'Tilly gilmore', 'data:image/png;base64,[encoded data, 7328 characters]', 'complete', '15:58:00', '18:00:00', 3, 132.00, 0.00, 239.18, 445.42, 74.24, 450, NULL),
(54, NULL, '2024-03-07 09:53:20', '2024-03-07 09:53:20', NULL, NULL, NULL, '2024-03-07', '2024-03-07', 'Clare lawson', 'data:image/png;base64,[encoded data, 5432 characters]', 'complete', '07:40:00', '10:00:00', 3, 132.00, 0.00, 281.35, 496.02, 82.67, 490, NULL),
(55, NULL, '2024-03-07 13:22:33', '2024-03-07 13:22:33', NULL, NULL, NULL, '2024-03-07', '2024-03-07', 'Bryce Tait', 'data:image/png;base64,[encoded data, 4776 characters]', 'complete', '10:55:00', '13:40:00', 3, 132.00, 0.00, 251.61, 460.33, 76.72, 519, NULL);
INSERT INTO `service_sheets` (`id`, `deleted_at`, `created_at`, `updated_at`, `created_by`, `updated_by`, `purchase_order_number`, `service_date`, `approval_date`, `approved_by`, `signature`, `status`, `start_time`, `end_time`, `hours`, `labour_price`, `truck_price`, `parts_price`, `total_price`, `vat`, `customer_id`, `user_id`) VALUES
(56, NULL, '2024-03-07 16:27:53', '2024-03-07 16:27:53', NULL, NULL, NULL, '2024-03-07', '2024-03-07', 'Dvid gracias', 'data:image/png;base64,[encoded data, 7084 characters]', 'complete', '14:20:00', '16:35:00', 3, 132.00, 0.00, 255.36, 464.83, 77.47, 492, NULL),
(57, NULL, '2024-03-11 11:14:24', '2024-03-11 11:14:24', NULL, NULL, NULL, '2024-03-11', '2024-03-11', 'Matthew', 'data:image/png;base64,[encoded data, 6992 characters]', 'complete', '07:45:00', '11:25:00', 4, 176.00, 0.00, 631.19, 968.63, 161.44, 466, NULL),
(58, NULL, '2024-03-11 14:17:10', '2024-03-11 14:17:10', NULL, NULL, NULL, '2024-03-11', '2024-03-11', 'Jess', 'data:image/png;base64,[encoded data, 8296 characters]', 'complete', '11:49:00', '14:25:00', 3, 132.00, 0.00, 290.00, 506.40, 84.40, 441, NULL),
(59, NULL, '2024-03-11 17:08:15', '2024-03-11 17:08:15', NULL, NULL, NULL, '2024-03-11', '2024-03-11', 'S Young', 'data:image/png;base64,[encoded data, 6144 characters]', 'complete', '14:45:00', '17:15:00', 3, 132.00, 0.00, 627.57, 911.48, 151.91, 457, NULL),
(60, NULL, '2024-03-12 10:31:49', '2024-03-12 10:31:49', NULL, NULL, NULL, '2024-03-12', '2024-03-12', 'Damien holmes', 'data:image/png;base64,[encoded data, 7232 characters]', 'complete', '07:52:00', '10:40:00', 3, 132.00, 0.00, 360.64, 591.17, 98.53, 476, NULL),
(61, NULL, '2024-03-12 12:55:14', '2024-03-12 12:55:14', NULL, NULL, NULL, '2024-03-12', '2024-03-12', 'Lucia Bodys', 'data:image/png;base64,[encoded data, 6580 characters]', 'complete', '10:55:00', '13:05:00', 3, 132.00, 0.00, 324.12, 547.34, 91.22, 454, NULL);
INSERT INTO `service_sheets` (`id`, `deleted_at`, `created_at`, `updated_at`, `created_by`, `updated_by`, `purchase_order_number`, `service_date`, `approval_date`, `approved_by`, `signature`, `status`, `start_time`, `end_time`, `hours`, `labour_price`, `truck_price`, `parts_price`, `total_price`, `vat`, `customer_id`, `user_id`) VALUES
(62, NULL, '2024-03-12 15:48:44', '2024-03-12 15:48:44', NULL, NULL, NULL, '2024-03-12', '2024-03-12', 'Andy', 'data:image/png;base64,[encoded data, 6576 characters]', 'complete', '13:30:00', '16:00:00', 3, 132.00, 0.00, 244.33, 451.60, 75.27, 455, NULL),
(63, NULL, '2024-03-12 18:27:35', '2024-03-12 18:27:35', NULL, NULL, NULL, '2024-03-12', '2024-03-12', 'Andrew', 'data:image/png;base64,[encoded data, 5564 characters]', 'complete', '16:17:00', '18:35:00', 3, 132.00, 0.00, 440.73, 687.28, 114.55, 509, NULL),
(64, NULL, '2024-03-13 09:52:38', '2024-03-13 09:52:38', NULL, NULL, NULL, '2024-03-13', '2024-03-13', 'Seif', 'data:image/png;base64,[encoded data, 4492 characters]', 'complete', '08:00:00', '10:00:00', 2, 88.00, 0.00, 290.73, 454.48, 75.75, 487, NULL),
(65, NULL, '2024-03-13 12:19:17', '2024-03-13 12:19:17', NULL, NULL, NULL, '2024-03-13', '2024-03-13', 'Rob laing', 'data:image/png;base64,[encoded data, 5688 characters]', 'complete', '10:23:00', '12:25:00', 3, 132.00, 0.00, 209.81, 410.17, 68.36, 465, NULL),
(66, NULL, '2024-03-14 09:47:07', '2024-03-14 09:47:07', NULL, NULL, NULL, '2024-03-14', '2024-03-14', 'Leah', 'data:image/png;base64,[encoded data, 5836 characters]', 'complete', '07:40:00', '09:55:00', 3, 132.00, 0.00, 200.76, 399.31, 66.55, 514, NULL),
(67, NULL, '2024-03-14 12:13:26', '2024-03-14 12:13:26', NULL, NULL, NULL, '2024-03-14', '2024-03-14', 'Luke Hall', 'data:image/png;base64,[encoded data, 6540 characters]', 'complete', '10:10:00', '12:20:00', 3, 132.00, 0.00, 315.24, 536.69, 89.45, 470, NULL),
(68, NULL, '2024-03-14 15:08:04', '2024-03-14 15:08:04', NULL, NULL, NULL, '2024-03-14', '2024-03-14', 'Fiona', 'data:image/png;base64,[encoded data, 8264 characters]', 'complete', '12:39:00', '15:20:00', 3, 132.00, 0.00, 642.26, 929.11, 154.85, 458, NULL),
(69, NULL, '2024-03-18 10:20:04', '2024-03-18 10:20:04', NULL, NULL, NULL, '2024-03-18', '2024-03-18', 'Duckworth', 'data:image/png;base64,[encoded data, 4720 characters]', 'complete', '07:48:00', '10:25:00', 3, 132.00, 0.00, 271.88, 484.66, 80.78, 196, NULL);
INSERT INTO `service_sheets` (`id`, `deleted_at`, `created_at`, `updated_at`, `created_by`, `updated_by`, `purchase_order_number`, `service_date`, `approval_date`, `approved_by`, `signature`, `status`, `start_time`, `end_time`, `hours`, `labour_price`, `truck_price`, `parts_price`, `total_price`, `vat`, `customer_id`, `user_id`) VALUES
(70, NULL, '2024-03-18 13:11:58', '2024-03-18 13:11:58', NULL, NULL, NULL, '2024-03-18', '2024-03-18', 'Dan', 'data:image/png;base64,[encoded data, 6508 characters]', 'complete', '11:00:00', '13:20:00', 3, 132.00, 0.00, 277.36, 491.23, 81.87, 258, NULL),
(71, NULL, '2024-03-20 10:19:38', '2024-03-20 10:19:38', 1, NULL, NULL, '2024-03-18', '2024-03-20', 'Paul', 'data:image/png;base64,[encoded data, 6700 characters]', 'complete', '08:00:00', '10:30:00', 3, 132.00, 0.00, 361.62, 592.34, 98.72, 183, NULL),
(72, NULL, '2024-03-18 15:31:28', '2024-03-18 15:31:28', NULL, NULL, NULL, '2024-03-18', '2024-03-18', 'Tracey skelton', 'data:image/png;base64,[encoded data, 4660 characters]', 'complete', '13:44:00', '15:40:00', 2, 88.00, 0.00, 228.24, 379.49, 63.25, 236, NULL),
(73, NULL, '2024-03-20 13:36:45', '2024-03-20 13:36:45', NULL, NULL, NULL, '2024-03-20', '2024-03-20', 'Mark', 'data:image/png;base64,[encoded data, 6476 characters]', 'complete', '11:10:00', '13:45:00', 3, 132.00, 0.00, 460.42, 710.90, 118.48, 227, NULL),
(74, NULL, '2024-03-20 16:38:03', '2024-03-20 16:38:03', NULL, NULL, NULL, '2024-03-20', '2024-03-20', 'Lee humphries', 'data:image/png;base64,[encoded data, 8644 characters]', 'complete', '14:24:00', '16:50:00', 3, 132.00, 0.00, 371.88, 604.66, 100.78, 203, NULL),
(75, NULL, '2024-03-21 12:11:01', '2024-03-21 12:11:01', NULL, NULL, NULL, '2024-03-21', '2024-03-21', 'Chris Lifford', 'data:image/png;base64,[encoded data, 7480 characters]', 'complete', '08:50:00', '12:15:00', 4, 176.00, 0.00, 634.26, 972.31, 162.05, 232, NULL),
(76, NULL, '2024-03-21 15:30:41', '2024-03-21 15:30:41', NULL, NULL, NULL, '2024-03-21', '2024-03-21', 'Reece freeman', 'data:image/png;base64,[encoded data, 6136 characters]', 'complete', '13:05:00', '15:40:00', 3, 132.00, 0.00, 508.82, 768.98, 128.16, 264, NULL);
INSERT INTO `service_sheets` (`id`, `deleted_at`, `created_at`, `updated_at`, `created_by`, `updated_by`, `purchase_order_number`, `service_date`, `approval_date`, `approved_by`, `signature`, `status`, `start_time`, `end_time`, `hours`, `labour_price`, `truck_price`, `parts_price`, `total_price`, `vat`, `customer_id`, `user_id`) VALUES
(77, NULL, '2024-03-25 10:48:47', '2024-03-25 10:48:47', NULL, NULL, NULL, '2024-03-25', '2024-03-25', 'Aaron', 'data:image/png;base64,[encoded data, 6672 characters]', 'complete', '07:40:00', '11:00:00', 4, 176.00, 0.00, 536.04, 854.45, 142.41, 265, NULL),
(78, NULL, '2024-03-25 13:28:00', '2024-03-25 13:28:00', NULL, NULL, NULL, '2024-03-25', '2024-03-25', 'Dom Cookson', 'data:image/png;base64,[encoded data, 7204 characters]', 'complete', '11:10:00', '13:40:00', 3, 132.00, 0.00, 388.20, 624.24, 104.04, 190, NULL),
(79, NULL, '2024-03-25 16:02:10', '2024-03-25 16:02:10', NULL, NULL, NULL, '2024-03-25', '2024-03-25', 'Tyler', 'data:image/png;base64,[encoded data, 4704 characters]', 'complete', '14:12:00', '16:05:00', 2, 88.00, 0.00, 412.66, 600.79, 100.13, 202, NULL),
(80, NULL, '2024-03-25 19:00:50', '2024-03-25 19:00:50', NULL, NULL, NULL, '2024-03-25', '2024-03-25', 'Anthony fisher', 'data:image/png;base64,[encoded data, 4848 characters]', 'complete', '16:25:00', '19:05:00', 3, 132.00, 0.00, 639.68, 926.02, 154.34, 280, NULL),
(81, NULL, '2024-03-26 11:01:16', '2024-03-26 11:01:16', NULL, NULL, NULL, '2024-03-26', '2024-03-26', 'Kerry pemberton', 'data:image/png;base64,[encoded data, 8376 characters]', 'complete', '08:25:00', '11:05:00', 3, 132.00, 0.00, 483.64, 738.77, 123.13, 275, NULL),
(82, NULL, '2024-03-26 13:20:34', '2024-03-26 13:20:34', NULL, NULL, NULL, '2024-03-26', '2024-03-26', 'Billy', 'data:image/png;base64,[encoded data, 5768 characters]', 'complete', '11:30:00', '13:19:00', 2, 88.00, 0.00, 262.24, 420.29, 70.05, 244, NULL),
(83, NULL, '2024-03-26 16:51:30', '2024-03-26 16:51:30', NULL, NULL, NULL, '2024-03-26', '2024-03-26', 'Jordan walker', 'data:image/png;base64,[encoded data, 5576 characters]', 'complete', '14:18:00', '17:00:00', 3, 132.00, 0.00, 460.98, 711.58, 118.60, 223, NULL);
